CRAN Package Check Results for Package zooimage

Last updated on 2022-08-12 22:56:13 CEST.

Flavor Version Tinstall Tcheck Ttotal Status Flags
r-devel-linux-x86_64-debian-clang 5.5.2 21.29 101.33 122.62 NOTE
r-devel-linux-x86_64-debian-gcc 5.5.2 16.85 86.07 102.92 NOTE
r-devel-linux-x86_64-fedora-clang 5.5.2 159.27 NOTE
r-devel-linux-x86_64-fedora-gcc 5.5.2 159.90 NOTE
r-devel-windows-x86_64 5.5.2 69.00 147.00 216.00 NOTE
r-patched-linux-x86_64 5.5.2 16.75 99.92 116.67 OK
r-release-linux-x86_64 5.5.2 18.25 100.22 118.47 OK
r-release-macos-arm64 5.5.2 45.00 OK
r-release-macos-x86_64 5.5.2 84.00 OK
r-release-windows-x86_64 5.5.2 61.00 147.00 208.00 OK
r-oldrel-macos-arm64 5.5.2 55.00 OK
r-oldrel-macos-x86_64 5.5.2 85.00 OK
r-oldrel-windows-ix86+x86_64 5.5.2 39.00 147.00 186.00 OK

Check Details

Version: 5.5.2
Check: Rd files
Result: NOTE
    checkRd: (-1) ZIClass.Rd:87: Escaped LaTeX specials: \_
    checkRd: (-1) ZITrain.Rd:72: Escaped LaTeX specials: \_
    checkRd: (-1) ZITrain.Rd:74: Escaped LaTeX specials: \_
    checkRd: (-1) zid.Rd:45: Escaped LaTeX specials: \_
    checkRd: (-1) zim.Rd:63: Escaped LaTeX specials: \_
Flavors: r-devel-linux-x86_64-debian-clang, r-devel-linux-x86_64-debian-gcc, r-devel-linux-x86_64-fedora-clang, r-devel-linux-x86_64-fedora-gcc, r-devel-windows-x86_64