CRAN Package Check Results for Package zonebuilder

Last updated on 2022-11-27 18:01:44 CET.

Flavor Version Tinstall Tcheck Ttotal Status Flags
r-devel-linux-x86_64-debian-clang 0.0.2 5.28 95.18 100.46 NOTE
r-devel-linux-x86_64-debian-gcc 0.0.2 4.25 75.41 79.66 NOTE
r-devel-linux-x86_64-fedora-clang 0.0.2 135.95 NOTE
r-devel-linux-x86_64-fedora-gcc 0.0.2 145.99 NOTE
r-devel-windows-x86_64 0.0.2 33.00 141.00 174.00 OK
r-patched-linux-x86_64 0.0.2 5.02 85.39 90.41 NOTE
r-release-linux-x86_64 0.0.2 5.04 89.01 94.05 NOTE
r-release-macos-arm64 0.0.2 40.00 OK
r-release-macos-x86_64 0.0.2 58.00 OK
r-release-windows-x86_64 0.0.2 36.00 146.00 182.00 OK
r-oldrel-macos-arm64 0.0.2 42.00 OK
r-oldrel-macos-x86_64 0.0.2 49.00 OK
r-oldrel-windows-ix86+x86_64 0.0.2 16.00 138.00 154.00 OK

Check Details

Version: 0.0.2
Check: package dependencies
Result: NOTE
    Package suggested but not available for checking: 'pct'
Flavors: r-devel-linux-x86_64-debian-clang, r-devel-linux-x86_64-debian-gcc, r-devel-linux-x86_64-fedora-clang, r-devel-linux-x86_64-fedora-gcc, r-patched-linux-x86_64, r-release-linux-x86_64