Last updated on 2023-05-30 21:58:58 CEST.
Flavor | Version | Tinstall | Tcheck | Ttotal | Status | Flags |
---|---|---|---|---|---|---|
r-devel-linux-x86_64-debian-clang | 1.1.0 | 148.32 | 133.79 | 282.11 | NOTE | |
r-devel-linux-x86_64-debian-gcc | 1.1.0 | 133.91 | 113.83 | 247.74 | NOTE | |
r-devel-linux-x86_64-fedora-clang | 1.1.0 | 298.59 | NOTE | |||
r-devel-linux-x86_64-fedora-gcc | 1.1.0 | 330.16 | NOTE | |||
r-devel-windows-x86_64 | 1.1.0 | 117.00 | 175.00 | 292.00 | NOTE | |
r-patched-linux-x86_64 | 1.1.0 | 120.09 | 138.45 | 258.54 | NOTE | |
r-release-linux-x86_64 | 1.1.0 | 103.76 | 137.37 | 241.13 | NOTE | |
r-release-macos-arm64 | 1.1.0 | 138.00 | NOTE | |||
r-release-macos-x86_64 | 1.1.0 | 213.00 | NOTE | |||
r-release-windows-x86_64 | 1.1.0 | 155.00 | 224.00 | 379.00 | NOTE | |
r-oldrel-macos-arm64 | 1.1.0 | 103.00 | NOTE | |||
r-oldrel-macos-x86_64 | 1.1.0 | 189.00 | NOTE | |||
r-oldrel-windows-x86_64 | 1.1.0 | 140.00 | 211.00 | 351.00 | NOTE |
Version: 1.1.0
Check: for GNU extensions in Makefiles
Result: NOTE
GNU make is a SystemRequirements.
Flavors: r-devel-linux-x86_64-debian-clang, r-devel-linux-x86_64-debian-gcc, r-devel-linux-x86_64-fedora-clang, r-devel-linux-x86_64-fedora-gcc, r-devel-windows-x86_64, r-patched-linux-x86_64, r-release-linux-x86_64, r-release-macos-arm64, r-release-macos-x86_64, r-release-windows-x86_64, r-oldrel-macos-arm64, r-oldrel-macos-x86_64, r-oldrel-windows-x86_64
Version: 1.1.0
Check: dependencies in R code
Result: NOTE
Namespaces in Imports field not imported from:
‘RcppParallel’ ‘rstantools’
All declared Imports should be used.
Flavors: r-devel-linux-x86_64-fedora-clang, r-devel-linux-x86_64-fedora-gcc, r-oldrel-macos-arm64, r-oldrel-macos-x86_64
Version: 1.1.0
Check: Rd cross-references
Result: NOTE
Undeclared package ‘loo’ in Rd xrefs
Flavor: r-devel-linux-x86_64-fedora-clang
Version: 1.1.0
Check: installed package size
Result: NOTE
installed size is 36.5Mb
sub-directories of 1Mb or more:
libs 36.0Mb
Flavors: r-release-macos-arm64, r-release-macos-x86_64, r-oldrel-macos-arm64, r-oldrel-macos-x86_64