CRAN Package Check Results for Package ziphsmm

Last updated on 2021-12-04 22:59:52 CET.

Flavor Version Tinstall Tcheck Ttotal Status Flags
r-devel-linux-x86_64-debian-clang 2.0.6 79.36 72.53 151.89 OK
r-devel-linux-x86_64-debian-gcc 2.0.6 69.77 58.55 128.32 OK
r-devel-linux-x86_64-fedora-clang 2.0.6 235.18 NOTE
r-devel-linux-x86_64-fedora-gcc 2.0.6 189.10 OK
r-devel-windows-x86_64-new-UL 2.0.6 112.00 138.00 250.00 OK
r-devel-windows-x86_64-new-TK 2.0.6 OK
r-devel-windows-x86_64-old 2.0.6 100.00 81.00 181.00 OK
r-patched-linux-x86_64 2.0.6 76.59 60.98 137.57 OK
r-release-linux-x86_64 2.0.6 72.13 61.76 133.89 OK
r-release-macos-arm64 2.0.6 NOTE
r-release-macos-x86_64 2.0.6 NOTE
r-release-windows-ix86+x86_64 2.0.6 192.00 135.00 327.00 OK
r-oldrel-macos-x86_64 2.0.6 NOTE
r-oldrel-windows-ix86+x86_64 2.0.6 191.00 142.00 333.00 OK

Check Details

Version: 2.0.6
Check: installed package size
Result: NOTE
     installed size is 7.9Mb
     sub-directories of 1Mb or more:
     libs 7.5Mb
Flavors: r-devel-linux-x86_64-fedora-clang, r-release-macos-arm64, r-release-macos-x86_64, r-oldrel-macos-x86_64