CRAN Package Check Results for Package zipfextR

Last updated on 2024-02-28 12:08:53 CET.

Flavor Version Tinstall Tcheck Ttotal Status Flags
r-devel-linux-x86_64-debian-clang 1.0.2 9.17 97.90 107.07 NOTE
r-devel-linux-x86_64-debian-gcc 1.0.2 8.71 76.03 84.74 NOTE
r-devel-linux-x86_64-fedora-clang 1.0.2 135.58 NOTE
r-devel-linux-x86_64-fedora-gcc 1.0.2 130.74 NOTE
r-devel-windows-x86_64 1.0.2 11.00 96.00 107.00 NOTE
r-patched-linux-x86_64 1.0.2 7.63 97.38 105.01 NOTE
r-release-linux-x86_64 1.0.2 7.16 96.28 103.44 NOTE
r-release-macos-arm64 1.0.2 43.00 NOTE
r-release-macos-x86_64 1.0.2 71.00 NOTE
r-release-windows-x86_64 1.0.2 14.00 112.00 126.00 NOTE
r-oldrel-macos-arm64 1.0.2 37.00 NOTE
r-oldrel-windows-x86_64 1.0.2 14.00 111.00 125.00 NOTE

Check Details

Version: 1.0.2
Check: LazyData
Result: NOTE 'LazyData' is specified without a 'data' directory Flavors: r-devel-linux-x86_64-debian-clang, r-devel-linux-x86_64-debian-gcc, r-devel-linux-x86_64-fedora-clang, r-devel-linux-x86_64-fedora-gcc, r-devel-windows-x86_64, r-patched-linux-x86_64, r-release-linux-x86_64, r-release-macos-arm64, r-release-macos-x86_64, r-release-windows-x86_64, r-oldrel-macos-arm64, r-oldrel-windows-x86_64