Last updated on 2022-06-25 08:52:17 CEST.
Flavor | Version | Tinstall | Tcheck | Ttotal | Status | Flags |
---|---|---|---|---|---|---|
r-devel-linux-x86_64-debian-clang | 0.3.3 | 37.49 | 252.22 | 289.71 | OK | |
r-devel-linux-x86_64-debian-gcc | 0.3.3 | 32.77 | 193.70 | 226.47 | OK | |
r-devel-linux-x86_64-fedora-clang | 0.3.3 | 500.76 | NOTE | |||
r-devel-linux-x86_64-fedora-gcc | 0.3.4 | 511.81 | NOTE | |||
r-devel-windows-x86_64 | 0.3.3 | 48.00 | 413.00 | 461.00 | OK | |
r-patched-linux-x86_64 | 0.3.3 | 36.81 | 236.55 | 273.36 | OK | |
r-release-linux-x86_64 | 0.3.3 | 27.28 | 230.56 | 257.84 | OK | |
r-release-macos-arm64 | 0.3.3 | 132.00 | NOTE | |||
r-release-macos-x86_64 | 0.3.3 | 228.00 | NOTE | |||
r-release-windows-x86_64 | 0.3.3 | 52.00 | 400.00 | 452.00 | OK | |
r-oldrel-macos-arm64 | 0.3.3 | 86.00 | NOTE | |||
r-oldrel-macos-x86_64 | 0.3.3 | 117.00 | NOTE | |||
r-oldrel-windows-ix86+x86_64 | 0.3.3 | 95.00 | 437.00 | 532.00 | OK |
Version: 0.3.3
Check: data for non-ASCII characters
Result: NOTE
Note: found 5 marked UTF-8 strings
Flavors: r-devel-linux-x86_64-fedora-clang, r-release-macos-arm64, r-release-macos-x86_64, r-oldrel-macos-arm64, r-oldrel-macos-x86_64
Version: 0.3.4
Check: data for non-ASCII characters
Result: NOTE
Note: found 5 marked UTF-8 strings
Flavor: r-devel-linux-x86_64-fedora-gcc