Last updated on 2022-05-23 18:50:46 CEST.
Flavor | Version | Tinstall | Tcheck | Ttotal | Status | Flags |
---|---|---|---|---|---|---|
r-devel-linux-x86_64-debian-clang | 0.3.0 | 4.61 | 60.98 | 65.59 | OK | |
r-devel-linux-x86_64-debian-gcc | 0.3.0 | 2.97 | 46.15 | 49.12 | OK | |
r-devel-linux-x86_64-fedora-clang | 0.3.0 | 76.50 | NOTE | |||
r-devel-linux-x86_64-fedora-gcc | 0.3.0 | 64.14 | NOTE | |||
r-devel-windows-x86_64 | 0.3.0 | 31.00 | 81.00 | 112.00 | OK | |
r-patched-linux-x86_64 | 0.3.0 | 3.77 | 58.33 | 62.10 | OK | |
r-release-linux-x86_64 | 0.3.0 | OK | ||||
r-release-macos-arm64 | 0.3.0 | 21.00 | NOTE | |||
r-release-macos-x86_64 | 0.3.0 | 45.00 | NOTE | |||
r-release-windows-x86_64 | 0.3.0 | 27.00 | 81.00 | 108.00 | OK | |
r-oldrel-macos-arm64 | 0.3.0 | 19.00 | NOTE | |||
r-oldrel-macos-x86_64 | 0.3.0 | 36.00 | NOTE | |||
r-oldrel-windows-ix86+x86_64 | 0.3.0 | 9.00 | 73.00 | 82.00 | OK |
Version: 0.3.0
Check: data for non-ASCII characters
Result: NOTE
Note: found 47 marked UTF-8 strings
Flavors: r-devel-linux-x86_64-fedora-clang, r-devel-linux-x86_64-fedora-gcc, r-release-macos-arm64, r-release-macos-x86_64, r-oldrel-macos-arm64, r-oldrel-macos-x86_64