CRAN Package Check Results for Package yuimaGUI

Last updated on 2022-01-25 01:53:27 CET.

Flavor Version Tinstall Tcheck Ttotal Status Flags
r-devel-linux-x86_64-debian-clang 1.3.0 15.00 120.90 135.90 OK
r-devel-linux-x86_64-debian-gcc 1.3.0 11.64 92.67 104.31 OK
r-devel-linux-x86_64-fedora-clang 1.3.0 165.75 NOTE
r-devel-linux-x86_64-fedora-gcc 1.3.0 159.41 NOTE
r-devel-windows-x86_64-new-UL 1.3.0 56.00 146.00 202.00 OK
r-devel-windows-x86_64-new-TK 1.3.0 NOTE
r-patched-linux-x86_64 1.3.0 12.40 118.83 131.23 OK
r-release-linux-x86_64 1.3.0 11.48 115.15 126.63 OK
r-release-macos-arm64 1.3.0 NOTE
r-release-macos-x86_64 1.3.0 NOTE
r-release-windows-ix86+x86_64 1.3.0 33.00 135.00 168.00 OK
r-oldrel-macos-x86_64 1.3.0 NOTE
r-oldrel-windows-ix86+x86_64 1.3.0 34.00 138.00 172.00 OK

Check Details

Version: 1.3.0
Check: dependencies in R code
Result: NOTE
    Namespace in Imports field not imported from: ‘ghyp’
     All declared Imports should be used.
Flavors: r-devel-linux-x86_64-fedora-clang, r-devel-linux-x86_64-fedora-gcc, r-devel-windows-x86_64-new-TK, r-release-macos-arm64, r-release-macos-x86_64, r-oldrel-macos-x86_64