CRAN Package Check Results for Package yuima

Last updated on 2021-12-02 23:51:28 CET.

Flavor Version Tinstall Tcheck Ttotal Status Flags
r-devel-linux-x86_64-debian-clang 1.9.6 123.56 233.38 356.94 OK
r-devel-linux-x86_64-debian-gcc 1.9.6 92.71 162.36 255.07 OK
r-devel-linux-x86_64-fedora-clang 1.9.6 571.33 NOTE
r-devel-linux-x86_64-fedora-gcc 1.9.6 409.82 OK
r-devel-windows-x86_64-new-UL 1.9.6 190.00 346.00 536.00 OK
r-devel-windows-x86_64-new-TK 1.9.6 OK
r-devel-windows-x86_64-old 1.9.6 170.00 244.00 414.00 OK
r-patched-linux-x86_64 1.9.6 125.05 216.57 341.62 OK
r-patched-solaris-x86 1.9.6 559.60 OK
r-release-linux-x86_64 1.9.6 117.18 215.15 332.33 OK
r-release-macos-arm64 1.9.6 NOTE
r-release-macos-x86_64 1.9.6 NOTE
r-release-windows-ix86+x86_64 1.9.6 269.00 422.00 691.00 NOTE
r-oldrel-macos-x86_64 1.9.6 NOTE
r-oldrel-windows-ix86+x86_64 1.9.6 270.00 431.00 701.00 NOTE

Check Details

Version: 1.9.6
Check: installed package size
Result: NOTE
     installed size is 6.0Mb
     sub-directories of 1Mb or more:
     R 1.9Mb
     libs 3.2Mb
Flavors: r-devel-linux-x86_64-fedora-clang, r-release-macos-arm64, r-release-macos-x86_64, r-release-windows-ix86+x86_64, r-oldrel-macos-x86_64, r-oldrel-windows-ix86+x86_64