CRAN Package Check Results for Package ypr

Last updated on 2019-02-19 11:52:33 CET.

Flavor Version Tinstall Tcheck Ttotal Status Flags
r-devel-linux-x86_64-debian-clang 0.3.0 3.38 128.85 132.23 OK
r-devel-linux-x86_64-debian-gcc 0.3.0 2.94 106.74 109.68 OK
r-devel-linux-x86_64-fedora-clang 0.3.0 180.47 NOTE
r-devel-linux-x86_64-fedora-gcc 0.3.0 175.92 NOTE
r-devel-windows-ix86+x86_64 0.3.0 13.00 215.00 228.00 OK
r-patched-linux-x86_64 0.3.0 3.20 131.24 134.44 OK
r-patched-solaris-x86 0.3.0 227.30 NOTE
r-release-linux-x86_64 0.3.0 3.25 130.08 133.33 OK
r-release-windows-ix86+x86_64 0.3.0 7.00 237.00 244.00 OK
r-release-osx-x86_64 0.3.0 NOTE
r-oldrel-windows-ix86+x86_64 0.3.0 7.00 263.00 270.00 OK
r-oldrel-osx-x86_64 0.3.0 NOTE

Check Details

Version: 0.3.0
Check: dependencies in R code
Result: NOTE
    Namespace in Imports field not imported from: ‘graphics’
     All declared Imports should be used.
Flavors: r-devel-linux-x86_64-fedora-clang, r-devel-linux-x86_64-fedora-gcc, r-patched-solaris-x86, r-release-osx-x86_64, r-oldrel-osx-x86_64