CRAN Package Check Results for Package ypr

Last updated on 2019-04-25 21:52:14 CEST.

Flavor Version Tinstall Tcheck Ttotal Status Flags
r-devel-linux-x86_64-debian-clang 0.3.0 4.38 127.44 131.82 OK
r-devel-linux-x86_64-debian-gcc 0.3.0 3.28 101.83 105.11 OK
r-devel-linux-x86_64-fedora-clang 0.3.0 195.47 NOTE
r-devel-linux-x86_64-fedora-gcc 0.3.0 190.61 NOTE
r-devel-windows-ix86+x86_64 0.3.0 16.00 170.00 186.00 OK
r-patched-linux-x86_64 0.3.0 3.86 128.00 131.86 OK
r-patched-solaris-x86 0.3.0 208.90 NOTE
r-release-linux-x86_64 0.3.0 3.16 127.97 131.13 OK
r-release-windows-ix86+x86_64 0.3.0 9.00 227.00 236.00 OK
r-release-osx-x86_64 0.3.0 NOTE
r-oldrel-windows-ix86+x86_64 0.3.0 8.00 188.00 196.00 OK
r-oldrel-osx-x86_64 0.3.0 NOTE

Check Details

Version: 0.3.0
Check: dependencies in R code
Result: NOTE
    Namespace in Imports field not imported from: ‘graphics’
     All declared Imports should be used.
Flavors: r-devel-linux-x86_64-fedora-clang, r-devel-linux-x86_64-fedora-gcc, r-patched-solaris-x86, r-release-osx-x86_64, r-oldrel-osx-x86_64