CRAN Package Check Results for Package youtubecaption

Last updated on 2020-06-03 07:51:31 CEST.

Flavor Version Tinstall Tcheck Ttotal Status Flags
r-devel-linux-x86_64-debian-clang 1.0.0 2.63 30.39 33.02 OK
r-devel-linux-x86_64-debian-gcc 1.0.0 2.31 24.13 26.44 OK
r-devel-linux-x86_64-fedora-clang 1.0.0 48.70 OK
r-devel-linux-x86_64-fedora-gcc 1.0.0 39.53 OK
r-devel-windows-ix86+x86_64 1.0.0 16.00 62.00 78.00 OK
r-patched-linux-x86_64 1.0.0 2.38 30.23 32.61 OK
r-patched-solaris-x86 1.0.0 61.90 OK
r-release-linux-x86_64 1.0.0 2.42 29.61 32.03 OK
r-release-osx-x86_64 1.0.0 WARN
r-release-windows-ix86+x86_64 1.0.0 13.00 42.00 55.00 OK
r-oldrel-osx-x86_64 1.0.0 OK
r-oldrel-windows-ix86+x86_64 1.0.0 6.00 47.00 53.00 OK

Check Details

Version: 1.0.0
Check: re-building of vignette outputs
Result: WARN
    Error(s) in re-building vignettes:
    --- re-building ‘youtubecaption_vignette.Rmd’ using rmarkdown
    Could not fetch https://codecov.io/gh/jooyoungseo/youtubecaption/branch/master/graph/badge.svg
    HttpExceptionRequest Request {
     host = "codecov.io"
     port = 443
     secure = True
     requestHeaders = []
     path = "/gh/jooyoungseo/youtubecaption/branch/master/graph/badge.svg"
     queryString = ""
     method = "GET"
     proxy = Nothing
     rawBody = False
     redirectCount = 10
     responseTimeout = ResponseTimeoutDefault
     requestVersion = HTTP/1.1
    }
     ConnectionTimeout
    Error: processing vignette 'youtubecaption_vignette.Rmd' failed with diagnostics:
    pandoc document conversion failed with error 61
    --- failed re-building ‘youtubecaption_vignette.Rmd’
    
    SUMMARY: processing the following file failed:
     ‘youtubecaption_vignette.Rmd’
    
    Error: Vignette re-building failed.
    Execution halted
Flavor: r-release-osx-x86_64