CRAN Package Check Results for Package yorkr

Last updated on 2021-09-19 11:50:31 CEST.

Flavor Version Tinstall Tcheck Ttotal Status Flags
r-devel-linux-x86_64-debian-clang 0.0.25 12.05 82.66 94.71 OK
r-devel-linux-x86_64-debian-gcc 0.0.25 8.69 61.43 70.12 OK
r-devel-linux-x86_64-fedora-clang 0.0.25 117.70 OK
r-devel-linux-x86_64-fedora-gcc 0.0.25 106.87 OK
r-devel-windows-x86_64 0.0.25 14.00 116.00 130.00 OK
r-devel-windows-x86_64-gcc10-UCRT 0.0.25 ERROR
r-patched-linux-x86_64 0.0.25 12.75 77.16 89.91 OK
r-patched-solaris-x86 0.0.25 138.70 OK
r-release-linux-x86_64 0.0.25 10.30 77.24 87.54 OK
r-release-macos-arm64 0.0.25 OK
r-release-macos-x86_64 0.0.25 OK
r-release-windows-ix86+x86_64 0.0.25 23.00 80.00 103.00 OK
r-oldrel-macos-x86_64 0.0.25 OK
r-oldrel-windows-ix86+x86_64 0.0.25 23.00 79.00 102.00 OK

Check Details

Version: 0.0.25
Check: whether package can be installed
Result: WARN
    Found the following significant warnings:
     WARNING: installation-time patches will not be applied, could not get the patches index
Flavor: r-devel-windows-x86_64-gcc10-UCRT

Version: 0.0.25
Check: PDF version of manual
Result: WARN
    LaTeX errors when creating PDF version.
    This typically indicates Rd problems.
Flavor: r-devel-windows-x86_64-gcc10-UCRT

Version: 0.0.25
Check: PDF version of manual without hyperrefs or index
Result: ERROR
    Re-running with no redirection of stdout/stderr.
Flavor: r-devel-windows-x86_64-gcc10-UCRT