CRAN Package Check Results for Package ymlthis

Last updated on 2020-02-28 01:48:44 CET.

Flavor Version Tinstall Tcheck Ttotal Status Flags
r-devel-linux-x86_64-debian-clang 0.1.2 5.17 48.05 53.22 OK
r-devel-linux-x86_64-debian-gcc 0.1.2 3.16 37.60 40.76 OK
r-devel-linux-x86_64-fedora-clang 0.1.2 68.75 NOTE
r-devel-linux-x86_64-fedora-gcc 0.1.2 61.59 NOTE
r-devel-windows-ix86+x86_64 0.1.2 11.00 101.00 112.00 OK
r-devel-windows-ix86+x86_64-gcc8 0.1.2 10.00 112.00 122.00 OK
r-patched-linux-x86_64 0.1.2 3.80 44.26 48.06 OK
r-patched-solaris-x86 0.1.2 74.20 NOTE
r-release-linux-x86_64 0.1.2 3.47 44.04 47.51 OK
r-release-windows-ix86+x86_64 0.1.2 10.00 88.00 98.00 OK
r-release-osx-x86_64 0.1.2 NOTE
r-oldrel-windows-ix86+x86_64 0.1.2 6.00 97.00 103.00 OK
r-oldrel-osx-x86_64 0.1.2 NOTE

Check Details

Version: 0.1.2
Check: dependencies in R code
Result: NOTE
    Namespaces in Imports field not imported from:
     ‘miniUI’ ‘shinyBS’
     All declared Imports should be used.
Flavors: r-devel-linux-x86_64-fedora-clang, r-devel-linux-x86_64-fedora-gcc, r-patched-solaris-x86, r-release-osx-x86_64, r-oldrel-osx-x86_64