CRAN Package Check Results for Package yarr

Last updated on 2023-06-02 09:57:42 CEST.

Flavor Version Tinstall Tcheck Ttotal Status Flags
r-devel-linux-x86_64-debian-clang 0.1.2 2.21 22.58 24.79 NOTE
r-devel-linux-x86_64-debian-gcc 0.1.2 1.70 18.21 19.91 NOTE
r-devel-linux-x86_64-fedora-clang 0.1.2 31.90 NOTE
r-devel-linux-x86_64-fedora-gcc 0.1.2 30.16 NOTE
r-devel-windows-x86_64 0.1.2 3.00 40.00 43.00 NOTE
r-patched-linux-x86_64 0.1.2 NOTE
r-release-linux-x86_64 0.1.2 2.28 22.42 24.70 NOTE
r-release-macos-arm64 0.1.2 17.00 NOTE
r-release-macos-x86_64 0.1.2 21.00 NOTE
r-release-windows-x86_64 0.1.2 3.00 40.00 43.00 NOTE
r-oldrel-macos-arm64 0.1.2 15.00 NOTE
r-oldrel-macos-x86_64 0.1.2 23.00 NOTE
r-oldrel-windows-x86_64 0.1.2 4.00 42.00 46.00 NOTE

Additional issues

donttest

Check Details

Version: 0.1.2
Check: LazyData
Result: NOTE
     'LazyData' is specified without a 'data' directory
Flavors: r-devel-linux-x86_64-debian-clang, r-devel-linux-x86_64-debian-gcc, r-devel-linux-x86_64-fedora-clang, r-devel-linux-x86_64-fedora-gcc, r-devel-windows-x86_64, r-patched-linux-x86_64, r-release-linux-x86_64, r-release-macos-arm64, r-release-macos-x86_64, r-release-windows-x86_64, r-oldrel-macos-arm64, r-oldrel-macos-x86_64, r-oldrel-windows-x86_64