CRAN Package Check Results for Package xts

Last updated on 2023-03-25 07:59:50 CET.

Flavor Version Tinstall Tcheck Ttotal Status Flags
r-devel-linux-x86_64-debian-clang 0.13.0 16.80 98.10 114.90 OK
r-devel-linux-x86_64-debian-gcc 0.13.0 14.98 75.19 90.17 OK
r-devel-linux-x86_64-fedora-clang 0.13.0 143.19 OK
r-devel-linux-x86_64-fedora-gcc 0.13.0 150.79 OK
r-patched-linux-x86_64 0.13.0 19.79 88.03 107.82 OK
r-release-linux-x86_64 0.13.0 17.10 87.83 104.93 OK
r-release-macos-arm64 0.13.0 40.00 OK
r-release-macos-x86_64 0.13.0 63.00 OK
r-release-windows-x86_64 0.13.0 104.00 166.00 270.00 OK
r-oldrel-macos-arm64 0.13.0 46.00 OK
r-oldrel-macos-x86_64 0.13.0 64.00 OK
r-oldrel-windows-ix86+x86_64 0.13.0 54.00 163.00 217.00 NOTE

Check Details

Version: 0.13.0
Check: dependencies in R code
Result: NOTE
    Initiating curl with CURL_SSL_BACKEND: openssl
Flavor: r-oldrel-windows-ix86+x86_64