CRAN Package Check Results for Package xts

Last updated on 2018-09-25 22:50:46 CEST.

Flavor Version Tinstall Tcheck Ttotal Status Flags
r-devel-linux-x86_64-debian-clang 0.11-1 13.44 63.06 76.50 OK
r-devel-linux-x86_64-debian-gcc 0.11-1 11.28 50.29 61.57 OK
r-devel-linux-x86_64-fedora-clang 0.11-1 92.90 OK
r-devel-linux-x86_64-fedora-gcc 0.11-1 91.09 OK
r-devel-windows-ix86+x86_64 0.11-1 55.00 106.00 161.00 OK
r-patched-linux-x86_64 0.11-1 12.20 59.42 71.62 OK
r-patched-solaris-x86 0.11-1 144.70 OK
r-release-linux-x86_64 0.11-1 14.05 60.33 74.38 OK
r-release-windows-ix86+x86_64 0.11-1 50.00 142.00 192.00 OK
r-release-osx-x86_64 0.11-0 ERROR
r-oldrel-windows-ix86+x86_64 0.11-1 37.00 133.00 170.00 OK
r-oldrel-osx-x86_64 0.11-1 OK

Check Details

Version: 0.11-0
Check: tests
Result: ERROR
     Running ‘doRUnit.R’ [8s/8s]
    Running the tests in ‘tests/doRUnit.R’ failed.
    Last 13 lines of output:
     Mean relative difference: 8.173474e-05
    
     FAILURE in test.timeSeries_reclass: Error in checkIdentical(sample.timeSeries, reclass(try.xts(sample.timeSeries))) :
     FALSE
    
     FAILURE in test.timeSeries_reclass_subset_reclass_j1: Error in checkIdentical(sample.timeSeries[, 1], reclass(try.xts(sample.timeSeries))[, :
     FALSE
    
     DEACTIVATED test.zoo_reclass: rownames are not kept yet in current xts-dev
     DEACTIVATED test.zoo_reclass_subset_reclass_j1: rownames are not kept yet in current xts-dev
     Error:
    
     unit testing failed (#test failures: 17, #R errors: 0)
    
     Execution halted
Flavor: r-release-osx-x86_64