CRAN Package Check Results for Package xts

Last updated on 2022-11-28 12:03:05 CET.

Flavor Version Tinstall Tcheck Ttotal Status Flags
r-devel-linux-x86_64-debian-clang 0.12.2 16.94 89.58 106.52 OK
r-devel-linux-x86_64-debian-gcc 0.12.2 13.89 69.19 83.08 OK
r-devel-linux-x86_64-fedora-clang 0.12.2 142.07 OK
r-devel-linux-x86_64-fedora-gcc 0.12.2 153.26 OK
r-devel-windows-x86_64 0.12.2 82.00 166.00 248.00 OK
r-patched-linux-x86_64 0.12.2 14.95 83.57 98.52 OK
r-release-linux-x86_64 0.12.2 15.40 82.74 98.14 OK
r-release-macos-arm64 0.12.2 45.00 NOTE
r-release-macos-x86_64 0.12.2 59.00 OK
r-release-windows-x86_64 0.12.2 98.00 161.00 259.00 OK
r-oldrel-macos-arm64 0.12.2 43.00 OK
r-oldrel-macos-x86_64 0.12.2 66.00 OK
r-oldrel-windows-ix86+x86_64 0.12.2 50.00 154.00 204.00 OK

Check Details

Version: 0.12.2
Check: package dependencies
Result: NOTE
    Package suggested but not available for checking: ‘timeSeries’
Flavor: r-release-macos-arm64