Last updated on 2023-03-20 12:51:53 CET.
Flavor | Version | Tinstall | Tcheck | Ttotal | Status | Flags |
---|---|---|---|---|---|---|
r-devel-linux-x86_64-debian-clang | 0.14.1-0 | OK | ||||
r-devel-linux-x86_64-debian-gcc | 0.14.1-0 | 48.03 | 14.69 | 62.72 | OK | |
r-devel-linux-x86_64-fedora-clang | 0.14.1-0 | 154.22 | OK | |||
r-devel-linux-x86_64-fedora-gcc | 0.14.1-0 | 126.37 | OK | |||
r-patched-linux-x86_64 | 0.14.1-0 | 55.95 | 18.67 | 74.62 | OK | |
r-release-linux-x86_64 | 0.14.1-0 | 55.96 | 18.06 | 74.02 | OK | |
r-release-macos-arm64 | 0.14.1-0 | 41.00 | NOTE | |||
r-release-macos-x86_64 | 0.14.1-0 | 55.00 | NOTE | |||
r-release-windows-x86_64 | 0.14.1-0 | 287.00 | 73.00 | 360.00 | NOTE | |
r-oldrel-macos-arm64 | 0.14.1-0 | 40.00 | NOTE | |||
r-oldrel-macos-x86_64 | 0.14.1-0 | 61.00 | NOTE | |||
r-oldrel-windows-ix86+x86_64 | 0.14.1-0 | 171.00 | 71.00 | 242.00 | NOTE |
Version: 0.14.1-0
Check: installed package size
Result: NOTE
installed size is 6.2Mb
sub-directories of 1Mb or more:
include 4.0Mb
libs 2.1Mb
Flavors: r-release-macos-arm64, r-release-macos-x86_64, r-release-windows-x86_64, r-oldrel-macos-arm64, r-oldrel-macos-x86_64, r-oldrel-windows-ix86+x86_64