CRAN Package Check Results for Package xspliner

Last updated on 2022-08-13 16:49:33 CEST.

Flavor Version Tinstall Tcheck Ttotal Status Flags
r-devel-linux-x86_64-debian-clang 0.0.4 3.07 246.28 249.35 NOTE
r-devel-linux-x86_64-debian-gcc 0.0.4 3.14 176.67 179.81 NOTE
r-devel-linux-x86_64-fedora-clang 0.0.4 302.44 NOTE
r-devel-linux-x86_64-fedora-gcc 0.0.4 321.54 NOTE
r-devel-windows-x86_64 0.0.4 30.00 325.00 355.00 NOTE
r-patched-linux-x86_64 0.0.4 3.70 234.19 237.89 NOTE
r-release-linux-x86_64 0.0.4 3.44 230.40 233.84 NOTE
r-release-macos-arm64 0.0.4 117.00 NOTE
r-release-macos-x86_64 0.0.4 181.00 NOTE
r-release-windows-x86_64 0.0.4 27.00 318.00 345.00 NOTE
r-oldrel-macos-arm64 0.0.4 192.00 NOTE
r-oldrel-macos-x86_64 0.0.4 204.00 NOTE
r-oldrel-windows-ix86+x86_64 0.0.4 9.00 340.00 349.00 NOTE

Check Details

Version: 0.0.4
Check: LazyData
Result: NOTE
     'LazyData' is specified without a 'data' directory
Flavors: r-devel-linux-x86_64-debian-clang, r-devel-linux-x86_64-debian-gcc, r-devel-linux-x86_64-fedora-clang, r-devel-linux-x86_64-fedora-gcc, r-devel-windows-x86_64, r-patched-linux-x86_64, r-release-linux-x86_64, r-release-macos-arm64, r-release-macos-x86_64, r-release-windows-x86_64, r-oldrel-macos-arm64, r-oldrel-macos-x86_64, r-oldrel-windows-ix86+x86_64