CRAN Package Check Results for Package xspliner

Last updated on 2019-02-24 05:53:15 CET.

Flavor Version Tinstall Tcheck Ttotal Status Flags
r-devel-linux-x86_64-debian-clang 0.0.2 2.30 188.97 191.27 OK
r-devel-linux-x86_64-debian-gcc 0.0.2 1.91 150.44 152.35 OK
r-devel-linux-x86_64-fedora-clang 0.0.2 262.91 OK
r-devel-linux-x86_64-fedora-gcc 0.0.2 259.10 OK
r-devel-windows-ix86+x86_64 0.0.2 6.00 240.00 246.00 OK
r-patched-linux-x86_64 0.0.2 2.34 169.73 172.07 OK
r-patched-solaris-x86 0.0.2 108.00 WARN
r-release-linux-x86_64 0.0.2 1.79 167.14 168.93 OK
r-release-windows-ix86+x86_64 0.0.2 6.00 269.00 275.00 OK
r-release-osx-x86_64 0.0.2 OK
r-oldrel-windows-ix86+x86_64 0.0.2 4.00 248.00 252.00 OK
r-oldrel-osx-x86_64 0.0.2 OK

Check Details

Version: 0.0.2
Check: package dependencies
Result: NOTE
    Package suggested but not available for checking: ‘xgboost’
Flavor: r-patched-solaris-x86

Version: 0.0.2
Check: re-building of vignette outputs
Result: WARN
    Error in re-building vignettes:
     ...
    Warning in engine$weave(file, quiet = quiet, encoding = enc) :
     Pandoc (>= 1.12.3) and/or pandoc-citeproc not available. Falling back to R Markdown v1.
    
    Attaching package: 'xspliner'
    
    The following object is masked from 'package:graphics':
    
     xspline
    
    randomForest 4.6-14
    Type rfNews() to see new features/changes/bug fixes.
    Cannot extract model family. Use gaussian.
    Cannot extract model link. Use identity.
    Cannot extract model family. Use gaussian.
    Cannot extract model link. Use identity.
    Cannot extract model family. Use gaussian.
    Cannot extract model link. Use identity.
    Cannot extract model family. Use gaussian.
    Cannot extract model link. Use identity.
    Cannot extract model family. Use gaussian.
    Cannot extract model link. Use identity.
    Cannot extract model family. Use gaussian.
    Cannot extract model link. Use identity.
    Cannot extract model family. Use gaussian.
    Cannot extract model link. Use identity.
    Cannot extract model family. Use gaussian.
    Cannot extract model link. Use identity.
    Cannot extract model family. Use gaussian.
    Cannot extract model link. Use identity.
    Cannot extract model family. Use gaussian.
    Cannot extract model link. Use identity.
    Welcome to DALEX (version: 0.2.6).
    Cannot extract model family. Use gaussian.
    Cannot extract model link. Use identity.
    Warning in engine$weave(file, quiet = quiet, encoding = enc) :
     Pandoc (>= 1.12.3) and/or pandoc-citeproc not available. Falling back to R Markdown v1.
    Quitting from lines 15-32 (cases.Rmd)
    Error: processing vignette 'cases.Rmd' failed with diagnostics:
    there is no package called 'xgboost'
    Execution halted
Flavor: r-patched-solaris-x86