CRAN Package Check Results for Package xpose4

Last updated on 2022-08-13 03:52:26 CEST.

Flavor Version Tinstall Tcheck Ttotal Status Flags
r-devel-linux-x86_64-debian-clang 4.7.2 23.71 209.58 233.29 NOTE
r-devel-linux-x86_64-debian-gcc 4.7.2 22.31 151.76 174.07 NOTE
r-devel-linux-x86_64-fedora-clang 4.7.2 272.56 NOTE
r-devel-linux-x86_64-fedora-gcc 4.7.2 268.26 NOTE
r-devel-windows-x86_64 4.7.2 83.00 248.00 331.00 NOTE
r-patched-linux-x86_64 4.7.2 33.34 181.94 215.28 OK
r-release-linux-x86_64 4.7.2 20.71 181.77 202.48 OK
r-release-macos-arm64 4.7.2 65.00 OK
r-release-macos-x86_64 4.7.2 87.00 OK
r-release-windows-x86_64 4.7.2 76.00 240.00 316.00 OK
r-oldrel-macos-arm64 4.7.2 61.00 OK
r-oldrel-macos-x86_64 4.7.2 85.00 OK
r-oldrel-windows-ix86+x86_64 4.7.2 46.00 229.00 275.00 OK

Check Details

Version: 4.7.2
Check: Rd files
Result: NOTE
    checkRd: (-1) read.npc.vpc.results.Rd:16: Escaped LaTeX specials: \_
    checkRd: (-1) read.npc.vpc.results.Rd:19: Escaped LaTeX specials: \_ \_ \_ \_ \_ \_
    checkRd: (-1) read.npc.vpc.results.Rd:22: Escaped LaTeX specials: \_
Flavors: r-devel-linux-x86_64-debian-clang, r-devel-linux-x86_64-debian-gcc, r-devel-linux-x86_64-fedora-clang, r-devel-linux-x86_64-fedora-gcc, r-devel-windows-x86_64