CRAN Package Check Results for Package xplorerr

Last updated on 2020-08-13 06:47:48 CEST.

Flavor Version Tinstall Tcheck Ttotal Status Flags
r-devel-linux-x86_64-debian-clang 0.1.1 2.55 22.94 25.49 NOTE
r-devel-linux-x86_64-debian-gcc 0.1.1 2.24 18.69 20.93 OK
r-devel-linux-x86_64-fedora-clang 0.1.1 39.78 OK
r-devel-linux-x86_64-fedora-gcc 0.1.1 29.82 OK
r-devel-windows-ix86+x86_64 0.1.1 10.00 46.00 56.00 OK
r-patched-linux-x86_64 0.1.1 2.82 23.24 26.06 OK
r-patched-solaris-x86 0.1.1 45.10 OK
r-release-linux-x86_64 0.1.1 2.87 23.07 25.94 NOTE
r-release-macos-x86_64 0.1.1 OK
r-release-windows-ix86+x86_64 0.1.1 16.00 45.00 61.00 OK
r-oldrel-macos-x86_64 0.1.1 OK
r-oldrel-windows-ix86+x86_64 0.1.1 9.00 38.00 47.00 OK

Check Details

Version: 0.1.1
Check: package dependencies
Result: NOTE
    Packages suggested but not available for checking:
     'descriptr', 'highcharter', 'inferr', 'plotly', 'rfm'
Flavors: r-devel-linux-x86_64-debian-clang, r-release-linux-x86_64