CRAN Package Check Results for Package xplorerr

Last updated on 2021-04-15 11:48:20 CEST.

Flavor Version Tinstall Tcheck Ttotal Status Flags
r-devel-linux-x86_64-debian-clang 0.1.1 2.82 26.45 29.27 NOTE
r-devel-linux-x86_64-debian-gcc 0.1.1 2.22 21.17 23.39 NOTE
r-devel-linux-x86_64-fedora-clang 0.1.1 45.88 NOTE
r-devel-linux-x86_64-fedora-gcc 0.1.1 34.73 NOTE
r-devel-windows-ix86+x86_64 0.1.1 10.00 36.00 46.00 NOTE
r-devel-windows-x86_64-gcc10-UCRT 0.1.1 NOTE
r-patched-linux-x86_64 0.1.1 2.44 25.62 28.06 OK
r-patched-solaris-x86 0.1.1 50.00 OK
r-release-linux-x86_64 0.1.1 2.99 25.46 28.45 OK
r-release-macos-x86_64 0.1.1 OK
r-release-windows-ix86+x86_64 0.1.1 35.00 40.00 75.00 OK
r-oldrel-macos-x86_64 0.1.1 OK
r-oldrel-windows-ix86+x86_64 0.1.1 6.00 32.00 38.00 OK

Check Details

Version: 0.1.1
Check: LazyData
Result: NOTE
     'LazyData' is specified without a 'data' directory
Flavors: r-devel-linux-x86_64-debian-clang, r-devel-linux-x86_64-debian-gcc, r-devel-linux-x86_64-fedora-clang, r-devel-linux-x86_64-fedora-gcc, r-devel-windows-ix86+x86_64, r-devel-windows-x86_64-gcc10-UCRT