CRAN Package Check Results for Package xplorerr

Last updated on 2021-07-24 11:52:43 CEST.

Flavor Version Tinstall Tcheck Ttotal Status Flags
r-devel-linux-x86_64-debian-clang 0.1.2 26.53 31.46 57.99 NOTE
r-devel-linux-x86_64-debian-gcc 0.1.2 14.58 25.19 39.77 NOTE
r-devel-linux-x86_64-fedora-clang 0.1.2 86.66 NOTE
r-devel-linux-x86_64-fedora-gcc 0.1.2 66.90 NOTE
r-devel-windows-x86_64 0.1.2 26.00 45.00 71.00 OK
r-devel-windows-x86_64-gcc10-UCRT 0.1.2 NOTE
r-patched-linux-x86_64 0.1.2 19.87 30.75 50.62 NOTE
r-patched-solaris-x86 0.1.2 82.20 NOTE
r-release-linux-x86_64 0.1.2 20.29 30.91 51.20 NOTE
r-release-macos-arm64 0.1.2 OK
r-release-macos-x86_64 0.1.2 OK
r-release-windows-ix86+x86_64 0.1.2 57.00 62.00 119.00 OK
r-oldrel-macos-x86_64 0.1.2 OK
r-oldrel-windows-ix86+x86_64 0.1.2 61.00 66.00 127.00 OK

Check Details

Version: 0.1.2
Check: package dependencies
Result: NOTE
    Package suggested but not available for checking: 'rbokeh'
Flavors: r-devel-linux-x86_64-debian-clang, r-devel-linux-x86_64-debian-gcc, r-devel-linux-x86_64-fedora-clang, r-devel-linux-x86_64-fedora-gcc, r-devel-windows-x86_64-gcc10-UCRT, r-patched-linux-x86_64, r-patched-solaris-x86, r-release-linux-x86_64