CRAN Package Check Results for Package xplain

Last updated on 2020-08-12 19:50:15 CEST.

Flavor Version Tinstall Tcheck Ttotal Status Flags
r-devel-linux-x86_64-debian-clang 0.2.2 2.56 23.34 25.90 OK
r-devel-linux-x86_64-debian-gcc 0.2.2 2.20 18.05 20.25 OK
r-devel-linux-x86_64-fedora-clang 0.2.2 40.38 NOTE
r-devel-linux-x86_64-fedora-gcc 0.2.2 30.27 NOTE
r-devel-windows-ix86+x86_64 0.2.2 9.00 59.00 68.00 OK
r-patched-linux-x86_64 0.2.2 2.53 23.49 26.02 OK
r-patched-solaris-x86 0.2.2 47.30 NOTE
r-release-linux-x86_64 0.2.2 2.68 22.97 25.65 OK
r-release-macos-x86_64 0.2.2 NOTE
r-release-windows-ix86+x86_64 0.2.2 13.00 37.00 50.00 OK
r-oldrel-macos-x86_64 0.2.2 ERROR
r-oldrel-windows-ix86+x86_64 0.2.1 7.00 52.00 59.00 ERROR

Check Details

Version: 0.2.2
Check: dependencies in R code
Result: NOTE
    Namespace in Imports field not imported from: ‘RCurl’
     All declared Imports should be used.
Flavors: r-devel-linux-x86_64-fedora-clang, r-devel-linux-x86_64-fedora-gcc, r-patched-solaris-x86, r-release-macos-x86_64

Version: 0.2.2
Check: whether package can be installed
Result: ERROR
    Installation failed.
Flavor: r-oldrel-macos-x86_64

Version: 0.2.1
Check: examples
Result: ERROR
    Running examples in 'xplain-Ex.R' failed
    The error most likely occurred in:
    
    > ### Name: xplain
    > ### Title: Showing interpretation information for the results of a function
    > ### Aliases: xplain
    >
    > ### ** Examples
    >
    >
    > library(car)
    Loading required package: carData
    >
    > xplain(call="lm(education ~ young + income + urban, data=Anscombe)",
    + xml="http://www.zuckarelli.de/xplain/example_lm.xml")
    Error in xplain(call = "lm(education ~ young + income + urban, data=Anscombe)", :
     xplain XML file '-' does not exist.
    Execution halted
Flavor: r-oldrel-windows-ix86+x86_64