CRAN Package Check Results for Package xplain

Last updated on 2019-03-23 13:49:49 CET.

Flavor Version Tinstall Tcheck Ttotal Status Flags
r-devel-linux-x86_64-debian-clang 0.2.1 2.65 21.34 23.99 OK
r-devel-linux-x86_64-debian-gcc 0.2.1 1.61 17.20 18.81 OK
r-devel-linux-x86_64-fedora-clang 0.2.1 28.70 OK
r-devel-linux-x86_64-fedora-gcc 0.2.1 26.96 OK
r-devel-windows-ix86+x86_64 0.2.1 6.00 35.00 41.00 OK
r-patched-linux-x86_64 0.2.1 1.60 20.21 21.81 OK
r-patched-solaris-x86 0.2.1 41.00 OK
r-release-linux-x86_64 0.2.1 0.28 1.87 2.15 ERROR
r-release-windows-ix86+x86_64 0.2.1 3.00 35.00 38.00 OK
r-release-osx-x86_64 0.2.1 OK
r-oldrel-windows-ix86+x86_64 0.2.1 5.00 50.00 55.00 OK
r-oldrel-osx-x86_64 0.2.1 OK

Check Details

Version: 0.2.1
Check: whether package can be installed
Result: ERROR
    Installation failed.
Flavor: r-release-linux-x86_64