CRAN Package Check Results for Package xmrr

Last updated on 2022-06-29 00:51:29 CEST.

Flavor Version Tinstall Tcheck Ttotal Status Flags
r-devel-linux-x86_64-debian-clang 1.1.1 6.52 57.65 64.17 NOTE
r-devel-linux-x86_64-debian-gcc 1.1.1 4.95 43.09 48.04 NOTE
r-devel-linux-x86_64-fedora-clang 1.1.1 85.58 NOTE
r-devel-linux-x86_64-fedora-gcc 1.1.1 84.17 NOTE
r-devel-windows-x86_64 1.1.1 15.00 80.00 95.00 NOTE
r-patched-linux-x86_64 1.1.1 4.29 53.48 57.77 NOTE
r-release-linux-x86_64 1.1.1 5.32 53.66 58.98 NOTE
r-release-macos-arm64 1.1.1 21.00 NOTE
r-release-macos-x86_64 1.1.1 48.00 NOTE
r-release-windows-x86_64 1.1.1 14.00 81.00 95.00 NOTE
r-oldrel-macos-arm64 1.1.1 27.00 NOTE
r-oldrel-macos-x86_64 1.1.1 35.00 NOTE
r-oldrel-windows-ix86+x86_64 1.1.1 16.00 75.00 91.00 NOTE

Check Details

Version: 1.1.1
Check: LazyData
Result: NOTE
     'LazyData' is specified without a 'data' directory
Flavors: r-devel-linux-x86_64-debian-clang, r-devel-linux-x86_64-debian-gcc, r-devel-linux-x86_64-fedora-clang, r-devel-linux-x86_64-fedora-gcc, r-devel-windows-x86_64, r-patched-linux-x86_64, r-release-linux-x86_64, r-release-macos-arm64, r-release-macos-x86_64, r-release-windows-x86_64, r-oldrel-macos-arm64, r-oldrel-macos-x86_64, r-oldrel-windows-ix86+x86_64

Version: 1.1.1
Check: dependencies in R code
Result: NOTE
    Namespaces in Imports field not imported from:
     ‘qpdf’ ‘rlang’ ‘tibble’
     All declared Imports should be used.
Flavors: r-devel-linux-x86_64-fedora-clang, r-devel-linux-x86_64-fedora-gcc, r-release-macos-arm64, r-release-macos-x86_64, r-oldrel-macos-arm64, r-oldrel-macos-x86_64