CRAN Package Check Results for Package xml2

Last updated on 2021-06-23 01:49:52 CEST.

Flavor Version Tinstall Tcheck Ttotal Status Flags
r-devel-linux-x86_64-debian-clang 1.3.2 17.57 41.05 58.62 OK
r-devel-linux-x86_64-debian-gcc 1.3.2 11.09 31.99 43.08 OK
r-devel-linux-x86_64-fedora-clang 1.3.2 86.04 OK
r-devel-linux-x86_64-fedora-gcc 1.3.2 68.78 OK
r-devel-windows-x86_64 1.3.2 22.00 67.00 89.00 OK
r-devel-windows-x86_64-gcc10-UCRT 1.3.2 ERROR
r-patched-linux-x86_64 1.3.2 15.14 40.27 55.41 OK
r-patched-solaris-x86 1.3.2 95.90 OK
r-release-linux-x86_64 1.3.2 13.58 39.90 53.48 OK
r-release-macos-arm64 1.3.2 NOTE
r-release-macos-x86_64 1.3.2 NOTE
r-release-windows-ix86+x86_64 1.3.2 39.00 86.00 125.00 NOTE
r-oldrel-macos-x86_64 1.3.2 WARN

Check Details

Version: 1.3.2
Check: package dependencies
Result: NOTE
    Packages suggested but not available for checking: 'covr', 'curl', 'httr'
Flavor: r-devel-windows-x86_64-gcc10-UCRT

Version: 1.3.2
Check: Rd cross-references
Result: NOTE
    Packages unavailable to check Rd xrefs: 'curl', 'httr'
Flavor: r-devel-windows-x86_64-gcc10-UCRT

Version: 1.3.2
Check: tests
Result: ERROR
     Running 'testthat.R'
    Running the tests in 'tests/testthat.R' failed.
    Last 13 lines of output:
     >
     > if (!is_solaris) {
     + test_check("xml2")
     + }
     This is libxml2 version 2.9.10
     == Skipped tests ===============================================================
     * On CRAN (3)
    
     == Failed tests ================================================================
     -- Failure (test-write_xml.R:6:3): write_xml errors for incorrect directory and with invalid inputs --
     `write_xml(x, filename)` did not throw an error.
    
     [ FAIL 1 | WARN 0 | SKIP 3 | PASS 398 ]
     Error: Test failures
     Execution halted
Flavor: r-devel-windows-x86_64-gcc10-UCRT

Version: 1.3.2
Check: installed package size
Result: NOTE
     installed size is 7.1Mb
     sub-directories of 1Mb or more:
     libs 6.7Mb
Flavors: r-release-macos-arm64, r-release-macos-x86_64, r-release-windows-ix86+x86_64, r-oldrel-macos-x86_64

Version: 1.3.2
Check: re-building of vignette outputs
Result: WARN
    Error(s) in re-building vignettes:
     ...
    --- re-building ‘modification.Rmd’ using rmarkdown
    Warning in engine$weave(file, quiet = quiet, encoding = enc) :
     Pandoc (>= 1.12.3) and/or pandoc-citeproc not available. Falling back to R Markdown v1.
    Error: processing vignette 'modification.Rmd' failed with diagnostics:
    there is no package called 'stringi'
    --- failed re-building ‘modification.Rmd’
    
    SUMMARY: processing the following file failed:
     ‘modification.Rmd’
    
    Error: Vignette re-building failed.
    Execution halted
Flavor: r-oldrel-macos-x86_64