CRAN Package Check Results for Package xml2

Last updated on 2020-01-24 09:51:29 CET.

Flavor Version Tinstall Tcheck Ttotal Status Flags
r-devel-linux-x86_64-debian-clang 1.2.2 85.20 42.00 127.20 OK
r-devel-linux-x86_64-debian-gcc 1.2.2 52.69 32.94 85.63 OK
r-devel-linux-x86_64-fedora-clang 1.2.2 177.71 NOTE
r-devel-linux-x86_64-fedora-gcc 1.2.2 163.13 NOTE
r-devel-windows-ix86+x86_64 1.2.2 5.00 9.00 14.00 ERROR
r-devel-windows-ix86+x86_64-gcc8 1.2.2 223.00 87.00 310.00 NOTE
r-patched-linux-x86_64 1.2.2 64.10 38.18 102.28 OK
r-patched-solaris-x86 1.2.2 150.50 ERROR
r-release-linux-x86_64 1.2.2 65.04 38.15 103.19 OK
r-release-windows-ix86+x86_64 1.2.2 3.00 7.00 10.00 ERROR
r-release-osx-x86_64 1.2.2 OK
r-oldrel-windows-ix86+x86_64 1.2.2 130.00 82.00 212.00 NOTE
r-oldrel-osx-x86_64 1.2.2 OK

Check Details

Version: 1.2.2
Check: top-level files
Result: NOTE
     possible bashism in configure line 31 ($(OS|MACH)TYPE):
     if echo $OSTYPE | grep -q '^darwin1[567]'; then
Flavors: r-devel-linux-x86_64-fedora-clang, r-devel-linux-x86_64-fedora-gcc

Version: 1.2.2
Check: whether package can be installed
Result: ERROR
    Installation failed.
Flavors: r-devel-windows-ix86+x86_64, r-release-windows-ix86+x86_64

Version: 1.2.2
Check: installed package size
Result: NOTE
     installed size is 7.1Mb
     sub-directories of 1Mb or more:
     libs 6.7Mb
Flavors: r-devel-windows-ix86+x86_64-gcc8, r-oldrel-windows-ix86+x86_64

Version: 1.2.2
Check: tests
Result: ERROR
     Running ‘testthat.R’ [5s/14s]
    Running the tests in ‘tests/testthat.R’ failed.
    Complete output:
     > library(testthat)
     > library(xml2)
     >
     > test_check("xml2")
     This is libxml2 version 2.9.9
     terminate called after throwing an instance of 'Rcpp::exception'
     what(): Document is empty [4]
Flavor: r-patched-solaris-x86