CRAN Package Check Results for Package xlutils3

Last updated on 2022-08-11 02:52:35 CEST.

Flavor Version Tinstall Tcheck Ttotal Status Flags
r-devel-linux-x86_64-debian-clang 0.1.0 2.15 26.06 28.21 NOTE
r-devel-linux-x86_64-debian-gcc 0.1.0 1.78 20.21 21.99 NOTE
r-devel-linux-x86_64-fedora-clang 0.1.0 44.63 NOTE
r-devel-linux-x86_64-fedora-gcc 0.1.0 43.63 NOTE
r-devel-windows-x86_64 0.1.0 11.00 51.00 62.00 NOTE
r-patched-linux-x86_64 0.1.0 2.11 25.51 27.62 NOTE
r-release-linux-x86_64 0.1.0 NOTE
r-release-macos-arm64 0.1.0 17.00 NOTE
r-release-macos-x86_64 0.1.0 29.00 NOTE
r-release-windows-x86_64 0.1.0 11.00 53.00 64.00 NOTE
r-oldrel-macos-arm64 0.1.0 21.00 NOTE
r-oldrel-macos-x86_64 0.1.0 31.00 NOTE
r-oldrel-windows-ix86+x86_64 0.1.0 5.00 44.00 49.00 NOTE

Check Details

Version: 0.1.0
Check: LazyData
Result: NOTE
     'LazyData' is specified without a 'data' directory
Flavors: r-devel-linux-x86_64-debian-clang, r-devel-linux-x86_64-debian-gcc, r-devel-linux-x86_64-fedora-clang, r-devel-linux-x86_64-fedora-gcc, r-devel-windows-x86_64, r-patched-linux-x86_64, r-release-linux-x86_64, r-release-macos-arm64, r-release-macos-x86_64, r-release-windows-x86_64, r-oldrel-macos-arm64, r-oldrel-macos-x86_64, r-oldrel-windows-ix86+x86_64