CRAN Package Check Results for Package xlsxjars

Last updated on 2024-02-28 12:08:52 CET.

Flavor Version Tinstall Tcheck Ttotal Status Flags
r-devel-linux-x86_64-debian-clang 0.6.1 3.93 32.66 36.59 OK
r-devel-linux-x86_64-debian-gcc 0.6.1 3.02 25.07 28.09 OK
r-devel-linux-x86_64-fedora-clang 0.6.1 46.17 NOTE
r-devel-linux-x86_64-fedora-gcc 0.6.1 41.75 OK
r-devel-windows-x86_64 0.6.1 5.00 45.00 50.00 NOTE
r-patched-linux-x86_64 0.6.1 4.19 31.70 35.89 OK
r-release-linux-x86_64 0.6.1 3.99 31.86 35.85 OK
r-release-macos-arm64 0.6.1 19.00 NOTE
r-release-macos-x86_64 0.6.1 29.00 NOTE
r-release-windows-x86_64 0.6.1 5.00 45.00 50.00 NOTE
r-oldrel-macos-arm64 0.6.1 22.00 NOTE
r-oldrel-windows-x86_64 0.6.1 6.00 51.00 57.00 NOTE

Check Details

Version: 0.6.1
Check: installed package size
Result: NOTE installed size is 10.8Mb sub-directories of 1Mb or more: java 10.7Mb Flavors: r-devel-linux-x86_64-fedora-clang, r-devel-windows-x86_64, r-release-macos-arm64, r-release-macos-x86_64, r-release-windows-x86_64, r-oldrel-macos-arm64, r-oldrel-windows-x86_64