Last updated on 2023-03-30 04:55:36 CEST.
Flavor | Version | Tinstall | Tcheck | Ttotal | Status | Flags |
---|---|---|---|---|---|---|
r-devel-linux-x86_64-debian-clang | 1.0.1 | 9.40 | 79.57 | 88.97 | NOTE | |
r-devel-linux-x86_64-debian-gcc | 1.0.1 | 7.19 | 61.03 | 68.22 | NOTE | |
r-devel-linux-x86_64-fedora-clang | 1.0.1 | 108.73 | NOTE | |||
r-devel-linux-x86_64-fedora-gcc | 1.0.1 | 116.97 | NOTE | |||
r-patched-linux-x86_64 | 1.0.1 | 7.08 | 75.07 | 82.15 | NOTE | |
r-release-linux-x86_64 | 1.0.1 | 7.03 | 74.74 | 81.77 | OK | |
r-release-macos-arm64 | 1.0.1 | 33.00 | OK | |||
r-release-macos-x86_64 | 1.0.1 | 49.00 | OK | |||
r-release-windows-x86_64 | 1.0.1 | 16.00 | 104.00 | 120.00 | OK | |
r-oldrel-macos-arm64 | 1.0.1 | 39.00 | OK | |||
r-oldrel-macos-x86_64 | 1.0.1 | 64.00 | OK | |||
r-oldrel-windows-ix86+x86_64 | 1.0.1 | 18.00 | 104.00 | 122.00 | OK |
Version: 1.0.1
Check: package subdirectories
Result: NOTE
Problems with news in ‘NEWS.md’:
No news entries found.
Flavors: r-devel-linux-x86_64-debian-clang, r-devel-linux-x86_64-debian-gcc, r-devel-linux-x86_64-fedora-clang, r-devel-linux-x86_64-fedora-gcc, r-patched-linux-x86_64