Last updated on 2023-05-28 00:56:32 CEST.
Flavor | Version | Tinstall | Tcheck | Ttotal | Status | Flags |
---|---|---|---|---|---|---|
r-devel-linux-x86_64-debian-clang | 1.7.5.1 | 631.61 | 346.21 | 977.82 | NOTE | |
r-devel-linux-x86_64-debian-gcc | 1.7.5.1 | 620.20 | 262.87 | 883.07 | NOTE | |
r-devel-linux-x86_64-fedora-clang | 1.7.5.1 | 1156.16 | NOTE | |||
r-devel-linux-x86_64-fedora-gcc | 1.7.5.1 | 1473.19 | NOTE | |||
r-devel-windows-x86_64 | 1.7.5.1 | 516.00 | 268.00 | 784.00 | NOTE | |
r-patched-linux-x86_64 | 1.7.5.1 | 646.06 | 312.07 | 958.13 | NOTE | |
r-release-linux-x86_64 | 1.7.5.1 | 653.20 | 333.40 | 986.60 | NOTE | |
r-release-macos-arm64 | 1.7.5.1 | 381.00 | NOTE | |||
r-release-macos-x86_64 | 1.7.5.1 | 633.00 | NOTE | |||
r-release-windows-x86_64 | 1.7.5.1 | 672.00 | 370.00 | 1042.00 | NOTE | |
r-oldrel-macos-arm64 | 1.7.5.1 | 333.00 | NOTE | |||
r-oldrel-macos-x86_64 | 1.7.5.1 | 391.00 | NOTE | |||
r-oldrel-windows-x86_64 | 1.7.5.1 | 635.00 | 347.00 | 982.00 | NOTE |
Version: 1.7.5.1
Check: for GNU extensions in Makefiles
Result: NOTE
GNU make is a SystemRequirements.
Flavors: r-devel-linux-x86_64-debian-clang, r-devel-linux-x86_64-debian-gcc, r-devel-linux-x86_64-fedora-clang, r-devel-linux-x86_64-fedora-gcc, r-devel-windows-x86_64, r-patched-linux-x86_64, r-release-linux-x86_64, r-release-macos-arm64, r-release-macos-x86_64, r-release-windows-x86_64, r-oldrel-macos-arm64, r-oldrel-macos-x86_64, r-oldrel-windows-x86_64
Version: 1.7.5.1
Check: installed package size
Result: NOTE
installed size is 5.6Mb
sub-directories of 1Mb or more:
libs 4.7Mb
Flavors: r-devel-linux-x86_64-fedora-clang, r-devel-windows-x86_64, r-release-macos-arm64, r-release-macos-x86_64, r-release-windows-x86_64, r-oldrel-macos-arm64, r-oldrel-macos-x86_64, r-oldrel-windows-x86_64