CRAN Package Check Results for Package xgb2sql

Last updated on 2020-06-01 07:48:22 CEST.

Flavor Version Tinstall Tcheck Ttotal Status Flags
r-devel-linux-x86_64-debian-clang 0.1.2 2.57 38.32 40.89 NOTE
r-devel-linux-x86_64-debian-gcc 0.1.2 2.33 29.74 32.07 NOTE
r-devel-linux-x86_64-fedora-clang 0.1.2 59.37 NOTE
r-devel-linux-x86_64-fedora-gcc 0.1.2 49.73 NOTE
r-devel-windows-ix86+x86_64 0.1.2 8.00 105.00 113.00 OK
r-patched-linux-x86_64 0.1.2 2.85 36.28 39.13 NOTE
r-patched-solaris-x86 0.1.2 75.00 NOTE
r-release-linux-x86_64 0.1.2 2.98 36.47 39.45 NOTE
r-release-osx-x86_64 0.1.2 OK
r-release-windows-ix86+x86_64 0.1.2 6.00 110.00 116.00 OK
r-oldrel-osx-x86_64 0.1.2 OK
r-oldrel-windows-ix86+x86_64 0.1.2 5.00 52.00 57.00 OK

Check Details

Version: 0.1.2
Check: for non-standard things in the check directory
Result: NOTE
    Found the following files/directories:
     'xgb.txt'
Flavors: r-devel-linux-x86_64-debian-clang, r-devel-linux-x86_64-debian-gcc, r-devel-linux-x86_64-fedora-clang, r-devel-linux-x86_64-fedora-gcc, r-patched-linux-x86_64, r-patched-solaris-x86, r-release-linux-x86_64