CRAN Package Check Results for Package xfun

Last updated on 2022-09-27 14:53:45 CEST.

Flavor Version Tinstall Tcheck Ttotal Status Flags
r-devel-linux-x86_64-debian-clang 0.33 7.96 59.62 67.58 OK
r-devel-linux-x86_64-debian-gcc 0.33 3.37 46.20 49.57 OK
r-devel-linux-x86_64-fedora-clang 0.33 98.61 NOTE
r-devel-linux-x86_64-fedora-gcc 0.33 93.27 OK
r-devel-windows-x86_64 0.33 37.00 126.00 163.00 OK
r-patched-linux-x86_64 0.33 8.29 54.76 63.05 OK
r-release-linux-x86_64 0.33 6.36 55.83 62.19 OK
r-release-macos-arm64 0.33 44.00 OK
r-release-macos-x86_64 0.33 94.00 OK
r-release-windows-x86_64 0.33 49.00 111.00 160.00 OK
r-oldrel-macos-arm64 0.33 45.00 OK
r-oldrel-macos-x86_64 0.33 89.00 OK
r-oldrel-windows-ix86+x86_64 0.33 26.00 123.00 149.00 OK

Check Details

Version: 0.33
Check: package dependencies
Result: NOTE
    Package suggested but not available for checking: ‘magick’
Flavor: r-devel-linux-x86_64-fedora-clang