CRAN Package Check Results for Package x13binary

Last updated on 2020-04-05 05:47:33 CEST.

Flavor Version Tinstall Tcheck Ttotal Status Flags
r-devel-linux-x86_64-debian-clang 1.1.39-2 2.62 18.35 20.97 NOTE
r-devel-linux-x86_64-debian-gcc 1.1.39-2 2.07 14.60 16.67 NOTE
r-devel-linux-x86_64-fedora-clang 1.1.39-2 27.39 NOTE
r-devel-linux-x86_64-fedora-gcc 1.1.39-2 26.04 NOTE
r-devel-windows-ix86+x86_64 1.1.39-2 8.00 41.00 49.00 NOTE
r-devel-windows-ix86+x86_64-gcc8 1.1.39-2 8.00 29.00 37.00 NOTE
r-patched-linux-x86_64 1.1.39-2 2.41 17.82 20.23 NOTE
r-patched-solaris-x86 1.1.39-2 41.10 NOTE
r-release-linux-x86_64 1.1.39-2 2.11 16.82 18.93 NOTE
r-release-windows-ix86+x86_64 1.1.39-2 7.00 40.00 47.00 NOTE
r-release-osx-x86_64 1.1.39-2 NOTE
r-oldrel-windows-ix86+x86_64 1.1.39-2 6.00 26.00 32.00 OK
r-oldrel-osx-x86_64 1.1.39-2 NOTE

Check Details

Version: 1.1.39-2
Check: whether package can be installed
Result: NOTE
    Found the following notes/warnings:
     Non-staged installation was used
Flavors: r-devel-linux-x86_64-debian-clang, r-devel-linux-x86_64-debian-gcc, r-devel-linux-x86_64-fedora-clang, r-devel-linux-x86_64-fedora-gcc, r-devel-windows-ix86+x86_64, r-devel-windows-ix86+x86_64-gcc8, r-patched-linux-x86_64, r-patched-solaris-x86, r-release-linux-x86_64, r-release-windows-ix86+x86_64, r-release-osx-x86_64

Version: 1.1.39-2
Check: installed package size
Result: NOTE
     installed size is 5.6Mb
     sub-directories of 1Mb or more:
     bin 5.4Mb
Flavors: r-devel-linux-x86_64-fedora-clang, r-release-osx-x86_64, r-oldrel-osx-x86_64

Version: 1.1.39-2
Check: top-level files
Result: NOTE
    ‘configure’: /bin/bash is not portable
Flavors: r-devel-linux-x86_64-fedora-clang, r-devel-linux-x86_64-fedora-gcc