CRAN Package Check Results for Package x13binary

Last updated on 2022-05-24 15:53:01 CEST.

Flavor Version Tinstall Tcheck Ttotal Status Flags
r-devel-linux-x86_64-debian-clang 1.1.57-3 3.00 31.53 34.53 OK
r-devel-linux-x86_64-debian-gcc 1.1.57-3 2.36 25.11 27.47 OK
r-devel-linux-x86_64-fedora-clang 1.1.57-3 44.33 NOTE
r-devel-linux-x86_64-fedora-gcc 1.1.57-3 32.70 OK
r-devel-windows-x86_64 1.1.57-3 18.00 46.00 64.00 OK
r-patched-linux-x86_64 1.1.57-3 3.16 31.43 34.59 OK
r-release-linux-x86_64 1.1.57-3 OK
r-release-macos-arm64 1.1.57-3 19.00 NOTE
r-release-macos-x86_64 1.1.57-3 25.00 NOTE
r-release-windows-x86_64 1.1.57-3 8.00 44.00 52.00 OK
r-oldrel-macos-arm64 1.1.57-3 20.00 NOTE
r-oldrel-macos-x86_64 1.1.57-3 25.00 NOTE
r-oldrel-windows-ix86+x86_64 1.1.57-3 7.00 34.00 41.00 OK

Check Details

Version: 1.1.57-3
Check: installed package size
Result: NOTE
     installed size is 5.8Mb
     sub-directories of 1Mb or more:
     bin 5.7Mb
Flavors: r-devel-linux-x86_64-fedora-clang, r-release-macos-arm64, r-release-macos-x86_64, r-oldrel-macos-arm64, r-oldrel-macos-x86_64