CRAN Package Check Results for Package wv

Last updated on 2021-12-08 09:53:47 CET.

Flavor Version Tinstall Tcheck Ttotal Status Flags
r-devel-linux-x86_64-debian-clang 0.1.1 169.50 50.39 219.89 OK
r-devel-linux-x86_64-debian-gcc 0.1.1 123.59 39.36 162.95 OK
r-devel-linux-x86_64-fedora-clang 0.1.1 371.22 NOTE
r-devel-linux-x86_64-fedora-gcc 0.1.1 290.23 NOTE
r-devel-windows-x86_64-new-UL 0.1.1 208.00 108.00 316.00 OK
r-devel-windows-x86_64-new-TK 0.1.1 NOTE
r-devel-windows-x86_64-old 0.1.1 220.00 56.00 276.00 OK
r-patched-linux-x86_64 0.1.1 154.78 49.12 203.90 OK
r-release-linux-x86_64 0.1.1 127.38 49.85 177.23 OK
r-release-macos-arm64 0.1.1 NOTE
r-release-macos-x86_64 0.1.1 NOTE
r-release-windows-ix86+x86_64 0.1.1 310.00 90.00 400.00 OK
r-oldrel-macos-x86_64 0.1.1 NOTE
r-oldrel-windows-ix86+x86_64 0.1.1 426.00 92.00 518.00 OK

Check Details

Version: 0.1.1
Check: installed package size
Result: NOTE
     installed size is 7.6Mb
     sub-directories of 1Mb or more:
     help 1.6Mb
     libs 5.8Mb
Flavors: r-devel-linux-x86_64-fedora-clang, r-release-macos-arm64, r-release-macos-x86_64, r-oldrel-macos-x86_64

Version: 0.1.1
Check: dependencies in R code
Result: NOTE
    Namespace in Imports field not imported from: ‘simts’
     All declared Imports should be used.
Flavors: r-devel-linux-x86_64-fedora-clang, r-devel-linux-x86_64-fedora-gcc, r-devel-windows-x86_64-new-TK, r-release-macos-arm64, r-release-macos-x86_64, r-oldrel-macos-x86_64