Last updated on 2022-08-20 07:08:13 CEST.
Flavor | Version | Tinstall | Tcheck | Ttotal | Status | Flags |
---|---|---|---|---|---|---|
r-devel-linux-x86_64-debian-clang | 1.0.1 | 26.89 | 70.37 | 97.26 | OK | |
r-devel-linux-x86_64-debian-gcc | 1.0.1 | 20.23 | 53.31 | 73.54 | OK | |
r-devel-linux-x86_64-fedora-clang | 1.0.1 | 123.96 | OK | |||
r-devel-linux-x86_64-fedora-gcc | 1.0.1 | 119.15 | OK | |||
r-devel-windows-x86_64 | 1.0.1 | 63.00 | 119.00 | 182.00 | WARN | |
r-patched-linux-x86_64 | 1.0.1 | 22.11 | 64.91 | 87.02 | OK | |
r-release-linux-x86_64 | 1.0.1 | OK | ||||
r-release-macos-arm64 | 1.0.1 | 31.00 | OK | |||
r-release-macos-x86_64 | 1.0.1 | 50.00 | OK | |||
r-release-windows-x86_64 | 1.0.1 | 66.00 | 119.00 | 185.00 | WARN | |
r-oldrel-macos-arm64 | 1.0.1 | 49.00 | OK | |||
r-oldrel-macos-x86_64 | 1.0.1 | 49.00 | OK | |||
r-oldrel-windows-ix86+x86_64 | 1.0.1 | 80.00 | 138.00 | 218.00 | OK |
Version: 1.0.1
Check: whether package can be installed
Result: WARN
Found the following significant warnings:
assp/asspfio.c:678:34: warning: ISO C does not support the 'I' printf flag [-Wformat=]
assp/asspfio.c:684:33: warning: ISO C does not support the 'I' printf flag [-Wformat=]
assp/asspfio.c:710:33: warning: ISO C does not support the 'I' printf flag [-Wformat=]
assp/asspfio.c:716:33: warning: ISO C does not support the 'I' printf flag [-Wformat=]
Flavors: r-devel-windows-x86_64, r-release-windows-x86_64