CRAN Package Check Results for Package wrProteo

Last updated on 2020-07-11 10:48:38 CEST.

Flavor Version Tinstall Tcheck Ttotal Status Flags
r-devel-linux-x86_64-debian-clang 1.1.1 3.86 42.36 46.22 NOTE
r-devel-linux-x86_64-debian-gcc 1.1.1 4.12 33.37 37.49 NOTE
r-devel-linux-x86_64-fedora-gcc 1.1.1 55.94 NOTE
r-devel-windows-ix86+x86_64 1.1.1 12.00 64.00 76.00 OK
r-patched-linux-x86_64 1.1.1 4.74 41.53 46.27 NOTE
r-patched-solaris-x86 1.1.1 76.90 NOTE
r-release-linux-x86_64 1.1.1 5.53 42.28 47.81 NOTE
r-release-osx-x86_64 1.1.1 NOTE
r-release-windows-ix86+x86_64 1.1.1 9.00 53.00 62.00 OK
r-oldrel-osx-x86_64 1.1.1 NOTE
r-oldrel-windows-ix86+x86_64 1.1.1 10.00 53.00 63.00 OK

Check Details

Version: 1.1.1
Check: Rd cross-references
Result: NOTE
    Package unavailable to check Rd xrefs: 'cleaver'
Flavors: r-devel-linux-x86_64-debian-clang, r-devel-linux-x86_64-debian-gcc, r-patched-linux-x86_64, r-release-linux-x86_64

Version: 1.1.1
Check: package dependencies
Result: NOTE
    Package suggested but not available for checking: ‘ROTS’
Flavors: r-devel-linux-x86_64-fedora-gcc, r-patched-solaris-x86, r-release-osx-x86_64, r-oldrel-osx-x86_64

Version: 1.1.1
Check: Rd cross-references
Result: NOTE
    Packages unavailable to check Rd xrefs: ‘cleaver’, ‘ROTS’
Flavors: r-devel-linux-x86_64-fedora-gcc, r-patched-solaris-x86, r-release-osx-x86_64, r-oldrel-osx-x86_64