CRAN Package Check Results for Package wpp2015

Last updated on 2024-06-22 03:49:45 CEST.

Flavor Version Tinstall Tcheck Ttotal Status Flags
r-devel-linux-x86_64-debian-clang 1.1-2 6.54 45.48 52.02 OK
r-devel-linux-x86_64-debian-gcc 1.1-2 2.22 35.91 38.13 OK
r-devel-linux-x86_64-fedora-clang 1.1-2 60.30 NOTE
r-devel-linux-x86_64-fedora-gcc 1.1-2 58.86 OK
r-devel-windows-x86_64 1.1-2 6.00 65.00 71.00 NOTE
r-patched-linux-x86_64 1.1-2 6.52 44.11 50.63 OK
r-release-linux-x86_64 1.1-2 5.65 44.01 49.66 OK
r-release-macos-arm64 1.1-2 25.00 NOTE
r-release-macos-x86_64 1.1-2 35.00 NOTE
r-release-windows-x86_64 1.1-2 6.00 67.00 73.00 NOTE
r-oldrel-macos-arm64 1.1-2 28.00 NOTE
r-oldrel-macos-x86_64 1.1-2 37.00 NOTE
r-oldrel-windows-x86_64 1.1-2 6.00 73.00 79.00 NOTE

Check Details

Version: 1.1-2
Check: installed package size
Result: NOTE installed size is 11.4Mb sub-directories of 1Mb or more: data 11.2Mb Flavors: r-devel-linux-x86_64-fedora-clang, r-devel-windows-x86_64, r-release-macos-arm64, r-release-macos-x86_64, r-release-windows-x86_64, r-oldrel-macos-arm64, r-oldrel-macos-x86_64, r-oldrel-windows-x86_64