CRAN Package Check Results for Package wosr

Last updated on 2022-05-28 17:50:51 CEST.

Flavor Version Tinstall Tcheck Ttotal Status Flags
r-devel-linux-x86_64-debian-clang 0.3.0 3.03 38.44 41.47 NOTE
r-devel-linux-x86_64-debian-gcc 0.3.0 2.43 30.39 32.82 NOTE
r-devel-linux-x86_64-fedora-clang 0.3.0 51.44 NOTE
r-devel-linux-x86_64-fedora-gcc 0.3.0 39.82 NOTE
r-devel-windows-x86_64 0.3.0 15.00 54.00 69.00 NOTE
r-patched-linux-x86_64 0.3.0 3.43 37.44 40.87 NOTE
r-release-linux-x86_64 0.3.0 3.25 37.22 40.47 NOTE
r-release-macos-arm64 0.3.0 20.00 NOTE
r-release-macos-x86_64 0.3.0 24.00 NOTE
r-release-windows-x86_64 0.3.0 26.00 56.00 82.00 NOTE
r-oldrel-macos-arm64 0.3.0 23.00 NOTE
r-oldrel-macos-x86_64 0.3.0 29.00 NOTE
r-oldrel-windows-ix86+x86_64 0.3.0 7.00 50.00 57.00 NOTE

Check Details

Version: 0.3.0
Check: LazyData
Result: NOTE
     'LazyData' is specified without a 'data' directory
Flavors: r-devel-linux-x86_64-debian-clang, r-devel-linux-x86_64-debian-gcc, r-devel-linux-x86_64-fedora-clang, r-devel-linux-x86_64-fedora-gcc, r-devel-windows-x86_64, r-patched-linux-x86_64, r-release-linux-x86_64, r-release-macos-arm64, r-release-macos-x86_64, r-release-windows-x86_64, r-oldrel-macos-arm64, r-oldrel-macos-x86_64, r-oldrel-windows-ix86+x86_64