Last updated on 2022-06-28 06:52:04 CEST.
Flavor | Version | Tinstall | Tcheck | Ttotal | Status | Flags |
---|---|---|---|---|---|---|
r-devel-linux-x86_64-debian-clang | 0.4.2 | 3.23 | 43.90 | 47.13 | NOTE | |
r-devel-linux-x86_64-debian-gcc | 0.4.2 | 2.29 | 32.61 | 34.90 | NOTE | |
r-devel-linux-x86_64-fedora-clang | 0.4.2 | 65.59 | NOTE | |||
r-devel-linux-x86_64-fedora-gcc | 0.4.2 | 64.97 | NOTE | |||
r-devel-windows-x86_64 | 0.4.2 | 28.00 | 77.00 | 105.00 | NOTE | |
r-patched-linux-x86_64 | 0.4.2 | 2.73 | 41.06 | 43.79 | NOTE | |
r-release-linux-x86_64 | 0.4.2 | 2.79 | 41.97 | 44.76 | NOTE | |
r-release-macos-arm64 | 0.4.2 | 21.00 | NOTE | |||
r-release-macos-x86_64 | 0.4.2 | 32.00 | NOTE | |||
r-release-windows-x86_64 | 0.4.2 | 33.00 | 72.00 | 105.00 | NOTE | |
r-oldrel-macos-arm64 | 0.4.2 | 26.00 | NOTE | |||
r-oldrel-macos-x86_64 | 0.4.2 | 35.00 | NOTE | |||
r-oldrel-windows-ix86+x86_64 | 0.4.2 | 6.00 | 64.00 | 70.00 | NOTE |
Version: 0.4.2
Check: LazyData
Result: NOTE
'LazyData' is specified without a 'data' directory
Flavors: r-devel-linux-x86_64-debian-clang, r-devel-linux-x86_64-debian-gcc, r-devel-linux-x86_64-fedora-clang, r-devel-linux-x86_64-fedora-gcc, r-devel-windows-x86_64, r-patched-linux-x86_64, r-release-linux-x86_64, r-release-macos-arm64, r-release-macos-x86_64, r-release-windows-x86_64, r-oldrel-macos-arm64, r-oldrel-macos-x86_64, r-oldrel-windows-ix86+x86_64