CRAN Package Check Results for Package worms

Last updated on 2019-12-14 05:47:50 CET.

Flavor Version Tinstall Tcheck Ttotal Status Flags
r-devel-linux-x86_64-debian-clang 0.2.2 2.52 25.36 27.88 NOTE
r-devel-linux-x86_64-debian-gcc 0.2.2 2.37 20.55 22.92 NOTE
r-devel-linux-x86_64-fedora-clang 0.2.2 34.81 NOTE
r-devel-linux-x86_64-fedora-gcc 0.2.2 33.94 NOTE
r-devel-windows-ix86+x86_64 0.2.2 7.00 58.00 65.00 OK
r-devel-windows-ix86+x86_64-gcc8 0.2.2 7.00 55.00 62.00 OK
r-patched-linux-x86_64 0.2.2 2.42 23.64 26.06 OK
r-patched-solaris-x86 0.2.2 49.20 OK
r-release-linux-x86_64 0.2.2 1.75 24.12 25.87 OK
r-release-windows-ix86+x86_64 0.2.2 5.00 42.00 47.00 OK
r-release-osx-x86_64 0.2.2 OK
r-oldrel-windows-ix86+x86_64 0.2.2 3.00 40.00 43.00 OK
r-oldrel-osx-x86_64 0.2.2 OK

Check Details

Version: 0.2.2
Check: for non-standard things in the check directory
Result: NOTE
    Found the following files/directories:
     'aphiainfo.csv' 'tax.csv'
Flavors: r-devel-linux-x86_64-debian-clang, r-devel-linux-x86_64-debian-gcc, r-devel-linux-x86_64-fedora-clang, r-devel-linux-x86_64-fedora-gcc