CRAN Package Check Results for Package worldmet

Last updated on 2024-06-21 06:58:27 CEST.

Flavor Version Tinstall Tcheck Ttotal Status Flags
r-devel-linux-x86_64-debian-clang 0.9.8 5.92 65.26 71.18 OK
r-devel-linux-x86_64-debian-gcc 0.9.8 5.31 50.00 55.31 OK
r-devel-linux-x86_64-fedora-clang 0.9.8 90.86 NOTE
r-devel-linux-x86_64-fedora-gcc 0.9.8 98.53 OK
r-devel-windows-x86_64 0.9.8 7.00 80.00 87.00 OK
r-patched-linux-x86_64 0.9.8 5.41 63.04 68.45 OK
r-release-linux-x86_64 0.9.8 4.27 62.69 66.96 OK
r-release-macos-arm64 0.9.8 57.00 OK
r-release-macos-x86_64 0.9.8 77.00 OK
r-release-windows-x86_64 0.9.8 7.00 83.00 90.00 OK
r-oldrel-macos-arm64 0.9.8 59.00 OK
r-oldrel-macos-x86_64 0.9.8 297.00 OK
r-oldrel-windows-x86_64 0.9.8 9.00 88.00 97.00 OK

Check Details

Version: 0.9.8
Check: Rd cross-references
Result: NOTE Undeclared package ‘lubridate’ in Rd xrefs Flavor: r-devel-linux-x86_64-fedora-clang