CRAN Package Check Results for Package workflows

Last updated on 2020-10-31 18:47:38 CET.

Flavor Version Tinstall Tcheck Ttotal Status Flags
r-devel-linux-x86_64-debian-clang 0.2.1 5.22 70.67 75.89 OK
r-devel-linux-x86_64-debian-gcc 0.2.1 3.75 54.55 58.30 OK
r-devel-linux-x86_64-fedora-clang 0.2.1 104.04 NOTE
r-devel-linux-x86_64-fedora-gcc 0.2.1 94.73 OK
r-devel-windows-ix86+x86_64 0.2.1 11.00 95.00 106.00 OK
r-patched-linux-x86_64 0.2.1 4.89 65.89 70.78 OK
r-patched-solaris-x86 0.2.1 122.00 OK
r-release-linux-x86_64 0.2.1 4.12 65.40 69.52 OK
r-release-macos-x86_64 0.2.1 OK
r-release-windows-ix86+x86_64 0.2.1 9.00 89.00 98.00 OK
r-oldrel-macos-x86_64 0.2.1 OK
r-oldrel-windows-ix86+x86_64 0.2.1 10.00 63.00 73.00 OK

Check Details

Version: 0.2.1
Check: Rd cross-references
Result: NOTE
    Undeclared package ‘tibble’ in Rd xrefs
Flavor: r-devel-linux-x86_64-fedora-clang