CRAN Package Check Results for Package workflowr

Last updated on 2019-04-25 19:48:51 CEST.

Flavor Version Tinstall Tcheck Ttotal Status Flags
r-devel-linux-x86_64-debian-clang 1.3.0 5.76 148.89 154.65 OK
r-devel-linux-x86_64-debian-gcc 1.3.0 5.28 112.24 117.52 OK
r-devel-linux-x86_64-fedora-clang 1.3.0 184.98 OK
r-devel-linux-x86_64-fedora-gcc 1.3.0 170.52 OK
r-devel-windows-ix86+x86_64 1.3.0 16.00 308.00 324.00 OK
r-patched-linux-x86_64 1.3.0 6.80 146.90 153.70 OK
r-patched-solaris-x86 1.3.0 185.60 OK
r-release-linux-x86_64 1.3.0 4.77 145.05 149.82 OK
r-release-windows-ix86+x86_64 1.3.0 7.00 420.00 427.00 OK
r-release-osx-x86_64 1.3.0 OK
r-oldrel-windows-ix86+x86_64 1.3.0 5.00 290.00 295.00 OK
r-oldrel-osx-x86_64 1.2.0 ERROR

Check Details

Version: 1.2.0
Check: tests
Result: ERROR
     Running ‘testthat.R’ [42s/47s]
    Running the tests in ‘tests/testthat.R’ failed.
    Last 13 lines of output:
     6: tryCatchOne(expr, names, parentenv, handlers[[1L]])
     7: value[[3L]](cond)
     8: stop(e$message, call. = FALSE)
    
     ══ testthat results ═══════════════════════════════════════════════════════════
     OK: 833 SKIPPED: 116 FAILED: 6
     1. Failure: obtain_existing_paths works when the root is the upstream existing directory (unix-like) (@test-obtain_existing_path.R#64)
     2. Failure: obtain_existing_paths works when the root is the upstream existing directory (unix-like) (@test-obtain_existing_path.R#65)
     3. Failure: obtain_existing_paths works when the root is the upstream existing directory (unix-like) (@test-obtain_existing_path.R#66)
     4. Failure: obtain_existing_paths works when the root is the upstream existing directory (unix-like) (@test-obtain_existing_path.R#67)
     5. Failure: obtain_existing_paths works when the root is the upstream existing directory (unix-like) (@test-obtain_existing_path.R#68)
     6. Error: wflow_use_github can be used post GitLab (@test-wflow_use_github.R#54)
    
     Error: testthat unit tests failed
     Execution halted
Flavor: r-oldrel-osx-x86_64