CRAN Package Check Results for Package wordcloud2

Last updated on 2024-04-16 08:58:18 CEST.

Flavor Version Tinstall Tcheck Ttotal Status Flags
r-devel-linux-x86_64-debian-clang 0.2.1 3.77 36.38 40.15 OK
r-devel-linux-x86_64-debian-gcc 0.2.1 2.54 28.05 30.59 OK
r-devel-linux-x86_64-fedora-clang 0.2.1 51.54 NOTE
r-devel-linux-x86_64-fedora-gcc 0.2.1 60.94 NOTE
r-prerel-macos-arm64 0.2.1 27.00 OK
r-prerel-windows-x86_64 0.2.1 4.00 51.00 55.00 OK
r-patched-linux-x86_64 0.2.1 3.50 34.50 38.00 OK
r-release-linux-x86_64 0.2.1 3.64 33.40 37.04 OK
r-release-macos-arm64 0.2.1 31.00 OK
r-release-macos-x86_64 0.2.1 39.00 OK
r-release-windows-x86_64 0.2.1 5.00 53.00 58.00 OK
r-oldrel-macos-arm64 0.2.1 21.00 NOTE
r-oldrel-windows-x86_64 0.2.1 6.00 51.00 57.00 OK

Check Details

Version: 0.2.1
Check: data for non-ASCII characters
Result: NOTE Note: found 933 marked UTF-8 strings Flavors: r-devel-linux-x86_64-fedora-clang, r-devel-linux-x86_64-fedora-gcc, r-oldrel-macos-arm64