CRAN Package Check Results for Package word2vec

Last updated on 2024-07-21 22:49:01 CEST.

Flavor Version Tinstall Tcheck Ttotal Status Flags
r-devel-linux-x86_64-debian-clang 0.4.0 97.52 51.11 148.63 NOTE
r-devel-linux-x86_64-debian-gcc 0.4.0 72.85 38.92 111.77 NOTE
r-devel-linux-x86_64-fedora-clang 0.4.0 302.23 NOTE
r-devel-linux-x86_64-fedora-gcc 0.4.0 293.73 NOTE
r-devel-windows-x86_64 0.4.0 90.00 81.00 171.00 NOTE
r-patched-linux-x86_64 0.4.0 114.93 47.10 162.03 NOTE
r-release-linux-x86_64 0.4.0 91.90 46.82 138.72 NOTE
r-release-macos-arm64 0.4.0 55.00 NOTE
r-release-macos-x86_64 0.4.0 62.00 NOTE
r-release-windows-x86_64 0.4.0 114.00 78.00 192.00 NOTE
r-oldrel-macos-arm64 0.4.0 65.00 NOTE
r-oldrel-macos-x86_64 0.4.0 95.00 NOTE
r-oldrel-windows-x86_64 0.4.0 108.00 92.00 200.00 OK

Check Details

Version: 0.4.0
Check: Rd files
Result: NOTE checkRd: (-1) word2vec_similarity.Rd:30: Lost braces in \itemize; meant \describe ? checkRd: (-1) word2vec_similarity.Rd:31: Lost braces in \itemize; meant \describe ? Flavors: r-devel-linux-x86_64-debian-clang, r-devel-linux-x86_64-debian-gcc, r-devel-linux-x86_64-fedora-clang, r-devel-linux-x86_64-fedora-gcc, r-devel-windows-x86_64, r-patched-linux-x86_64, r-release-linux-x86_64, r-release-macos-arm64, r-release-macos-x86_64, r-release-windows-x86_64

Version: 0.4.0
Check: installed package size
Result: NOTE installed size is 5.2Mb sub-directories of 1Mb or more: libs 4.9Mb Flavors: r-release-macos-arm64, r-release-macos-x86_64, r-oldrel-macos-arm64, r-oldrel-macos-x86_64