CRAN Package Check Results for Package womblR

Last updated on 2021-11-26 23:50:19 CET.

Flavor Version Tinstall Tcheck Ttotal Status Flags
r-devel-linux-x86_64-debian-clang 1.0.4 231.50 246.60 478.10 OK
r-devel-linux-x86_64-debian-gcc 1.0.4 175.27 195.48 370.75 OK
r-devel-linux-x86_64-fedora-clang 1.0.4 686.33 NOTE
r-devel-linux-x86_64-fedora-gcc 1.0.4 636.92 OK
r-devel-windows-x86_64-new-UL 1.0.4 300.00 309.00 609.00 OK
r-devel-windows-x86_64-new-TK 1.0.4 OK
r-devel-windows-x86_64-old 1.0.4 230.00 307.00 537.00 OK
r-patched-linux-x86_64 1.0.4 200.14 243.38 443.52 OK
r-patched-solaris-x86 1.0.4 389.20 OK
r-release-linux-x86_64 1.0.4 OK
r-release-macos-arm64 1.0.4 NOTE
r-release-macos-x86_64 1.0.4 NOTE
r-release-windows-ix86+x86_64 1.0.4 583.00 331.00 914.00 OK
r-oldrel-macos-x86_64 1.0.4 NOTE
r-oldrel-windows-ix86+x86_64 1.0.4 441.00 405.00 846.00 OK

Check Details

Version: 1.0.4
Check: installed package size
Result: NOTE
     installed size is 8.3Mb
     sub-directories of 1Mb or more:
     libs 7.5Mb
Flavors: r-devel-linux-x86_64-fedora-clang, r-release-macos-arm64, r-release-macos-x86_64, r-oldrel-macos-x86_64