CRAN Package Check Results for Package wmwpow

Last updated on 2022-08-16 05:54:15 CEST.

Flavor Version Tinstall Tcheck Ttotal Status Flags
r-devel-linux-x86_64-debian-clang 0.1.3 2.73 36.43 39.16 NOTE
r-devel-linux-x86_64-debian-gcc 0.1.3 2.45 28.04 30.49 NOTE
r-devel-linux-x86_64-fedora-clang 0.1.3 58.31 NOTE
r-devel-linux-x86_64-fedora-gcc 0.1.3 57.28 NOTE
r-devel-windows-x86_64 0.1.3 6.00 59.00 65.00 NOTE
r-patched-linux-x86_64 0.1.3 2.86 34.58 37.44 NOTE
r-release-linux-x86_64 0.1.3 2.24 35.55 37.79 NOTE
r-release-macos-arm64 0.1.3 17.00 NOTE
r-release-macos-x86_64 0.1.3 25.00 NOTE
r-release-windows-x86_64 0.1.3 7.00 60.00 67.00 NOTE
r-oldrel-macos-arm64 0.1.3 21.00 NOTE
r-oldrel-macos-x86_64 0.1.3 31.00 NOTE
r-oldrel-windows-ix86+x86_64 0.1.3 7.00 60.00 67.00 NOTE

Check Details

Version: 0.1.3
Check: LazyData
Result: NOTE
     'LazyData' is specified without a 'data' directory
Flavors: r-devel-linux-x86_64-debian-clang, r-devel-linux-x86_64-debian-gcc, r-devel-linux-x86_64-fedora-clang, r-devel-linux-x86_64-fedora-gcc, r-devel-windows-x86_64, r-patched-linux-x86_64, r-release-linux-x86_64, r-release-macos-arm64, r-release-macos-x86_64, r-release-windows-x86_64, r-oldrel-macos-arm64, r-oldrel-macos-x86_64, r-oldrel-windows-ix86+x86_64

Version: 0.1.3
Check: dependencies in R code
Result: NOTE
    Namespace in Imports field not imported from: ‘MASS’
     All declared Imports should be used.
Flavors: r-devel-linux-x86_64-fedora-clang, r-devel-linux-x86_64-fedora-gcc, r-release-macos-arm64, r-release-macos-x86_64, r-oldrel-macos-arm64, r-oldrel-macos-x86_64