Last updated on 2023-06-06 20:09:59 CEST.
Flavor | Version | Tinstall | Tcheck | Ttotal | Status | Flags |
---|---|---|---|---|---|---|
r-devel-linux-x86_64-debian-clang | 2.5.0 | 2.30 | 51.42 | 53.72 | OK | |
r-devel-linux-x86_64-debian-gcc | 2.5.0 | 1.98 | 39.72 | 41.70 | OK | |
r-devel-linux-x86_64-fedora-clang | 2.5.0 | 70.19 | OK | |||
r-devel-linux-x86_64-fedora-gcc | 2.5.0 | 78.14 | OK | |||
r-devel-windows-x86_64 | 2.5.0 | 10.00 | 4.00 | 14.00 | ERROR | |
r-patched-linux-x86_64 | 2.5.0 | 2.95 | 49.76 | 52.71 | OK | |
r-release-linux-x86_64 | 2.5.0 | 2.20 | 49.83 | 52.03 | OK | |
r-release-macos-arm64 | 2.5.0 | 35.00 | OK | |||
r-release-macos-x86_64 | 2.5.0 | 51.00 | OK | |||
r-release-windows-x86_64 | 2.5.0 | 7.00 | 79.00 | 86.00 | OK | |
r-oldrel-macos-arm64 | 2.5.0 | 28.00 | OK | |||
r-oldrel-macos-x86_64 | 2.5.0 | 38.00 | OK | |||
r-oldrel-windows-x86_64 | 2.5.0 | 7.00 | 75.00 | 82.00 | OK |
Version: 2.5.0
Check: whether package can be installed
Result: ERROR
Installation failed.
Flavor: r-devel-windows-x86_64