CRAN Package Check Results for Package withr

Last updated on 2018-12-17 04:50:40 CET.

Flavor Version Tinstall Tcheck Ttotal Status Flags
r-devel-linux-x86_64-debian-clang 2.1.2 1.93 23.06 24.99 ERROR
r-devel-linux-x86_64-debian-gcc 2.1.2 1.02 13.39 14.41 ERROR
r-devel-linux-x86_64-fedora-clang 2.1.2 37.58 OK
r-devel-linux-x86_64-fedora-gcc 2.1.2 35.64 OK
r-devel-windows-ix86+x86_64 2.1.2 7.00 55.00 62.00 OK
r-patched-linux-x86_64 2.1.2 1.47 27.79 29.26 OK
r-patched-solaris-x86 2.1.2 50.30 OK
r-release-linux-x86_64 2.1.2 1.44 27.59 29.03 OK
r-release-windows-ix86+x86_64 2.1.2 6.00 54.00 60.00 OK
r-release-osx-x86_64 2.1.2 OK
r-oldrel-windows-ix86+x86_64 2.1.2 7.00 61.00 68.00 OK
r-oldrel-osx-x86_64 2.1.2 OK

Check Details

Version: 2.1.2
Check: examples
Result: ERROR
    Running examples in ‘withr-Ex.R’ failed
    The error most likely occurred in:
    
    > base::assign(".ptime", proc.time(), pos = "CheckExEnv")
    > ### Name: with_db_connection
    > ### Title: DBMS Connections which disconnect themselves.
    > ### Aliases: with_db_connection local_db_connection
    >
    > ### ** Examples
    >
    > db <- tempfile()
    > with_db_connection(
    + list(con = DBI::dbConnect(RSQLite::SQLite(), db)), {
    + DBI::dbWriteTable(con, "mtcars", mtcars)
    + })
    Loading required namespace: DBI
    Error in all(is.named(con)) :
     unable to load shared object '/home/hornik/tmp/R.check/r-devel-clang/Work/build/Packages/Rcpp/libs/Rcpp.so':
     /home/hornik/tmp/R.check/r-devel-clang/Work/build/Packages/Rcpp/libs/Rcpp.so: failed to map segment from shared object
    Calls: with_db_connection ... tryCatch -> tryCatchList -> tryCatchOne -> <Anonymous>
    Execution halted
Flavor: r-devel-linux-x86_64-debian-clang

Version: 2.1.2
Check: tests
Result: ERROR
     Running ‘testthat.R’ [0s/0s]
    Running the tests in ‘tests/testthat.R’ failed.
    Complete output:
     > library(testthat)
     Error: package or namespace load failed for 'testthat' in dyn.load(file, DLLpath = DLLpath, ...):
     unable to load shared object '/home/hornik/tmp/R.check/r-devel-clang/Work/build/Packages/rlang/libs/rlang.so':
     /home/hornik/tmp/R.check/r-devel-clang/Work/build/Packages/rlang/libs/rlang.so: failed to map segment from shared object
     Execution halted
Flavor: r-devel-linux-x86_64-debian-clang

Version: 2.1.2
Check: re-building of vignette outputs
Result: WARN
    Error in re-building vignettes:
     ...
    Error: processing vignette ‘withr.Rmd’ failed with diagnostics:
    unable to load shared object ‘/home/hornik/tmp/R.check/r-devel-clang/Work/build/Packages/digest/libs/digest.so’:
     /home/hornik/tmp/R.check/r-devel-clang/Work/build/Packages/digest/libs/digest.so: failed to map segment from shared object
    Execution halted
Flavor: r-devel-linux-x86_64-debian-clang

Version: 2.1.2
Check: examples
Result: ERROR
    Running examples in ‘withr-Ex.R’ failed
    The error most likely occurred in:
    
    > base::assign(".ptime", proc.time(), pos = "CheckExEnv")
    > ### Name: with_db_connection
    > ### Title: DBMS Connections which disconnect themselves.
    > ### Aliases: with_db_connection local_db_connection
    >
    > ### ** Examples
    >
    > db <- tempfile()
    > with_db_connection(
    + list(con = DBI::dbConnect(RSQLite::SQLite(), db)), {
    + DBI::dbWriteTable(con, "mtcars", mtcars)
    + })
    Loading required namespace: DBI
    Error in all(is.named(con)) :
     unable to load shared object '/home/hornik/tmp/R.check/r-devel-gcc/Work/build/Packages/Rcpp/libs/Rcpp.so':
     /home/hornik/tmp/R.check/r-devel-gcc/Work/build/Packages/Rcpp/libs/Rcpp.so: failed to map segment from shared object
    Calls: with_db_connection ... tryCatch -> tryCatchList -> tryCatchOne -> <Anonymous>
    Execution halted
Flavor: r-devel-linux-x86_64-debian-gcc

Version: 2.1.2
Check: tests
Result: ERROR
     Running ‘testthat.R’ [0s/0s]
    Running the tests in ‘tests/testthat.R’ failed.
    Complete output:
     > library(testthat)
     Error: package or namespace load failed for 'testthat' in dyn.load(file, DLLpath = DLLpath, ...):
     unable to load shared object '/home/hornik/tmp/R.check/r-devel-gcc/Work/build/Packages/rlang/libs/rlang.so':
     /home/hornik/tmp/R.check/r-devel-gcc/Work/build/Packages/rlang/libs/rlang.so: failed to map segment from shared object
     Execution halted
Flavor: r-devel-linux-x86_64-debian-gcc

Version: 2.1.2
Check: re-building of vignette outputs
Result: WARN
    Error in re-building vignettes:
     ...
    Error: processing vignette ‘withr.Rmd’ failed with diagnostics:
    unable to load shared object ‘/home/hornik/tmp/R.check/r-devel-gcc/Work/build/Packages/digest/libs/digest.so’:
     /home/hornik/tmp/R.check/r-devel-gcc/Work/build/Packages/digest/libs/digest.so: failed to map segment from shared object
    Execution halted
Flavor: r-devel-linux-x86_64-debian-gcc