CRAN Package Check Results for Package withr

Last updated on 2020-01-24 10:49:49 CET.

Flavor Version Tinstall Tcheck Ttotal Status Flags
r-devel-linux-x86_64-debian-clang 2.1.2 2.19 33.11 35.30 NOTE
r-devel-linux-x86_64-debian-gcc 2.1.2 1.98 25.86 27.84 NOTE
r-devel-linux-x86_64-fedora-clang 2.1.2 44.32 NOTE
r-devel-linux-x86_64-fedora-gcc 2.1.2 42.79 NOTE
r-devel-windows-ix86+x86_64 2.1.2 12.00 63.00 75.00 OK
r-devel-windows-ix86+x86_64-gcc8 2.1.2 12.00 48.00 60.00 OK
r-patched-linux-x86_64 2.1.2 1.96 30.22 32.18 OK
r-patched-solaris-x86 2.1.2 56.50 OK
r-release-linux-x86_64 2.1.2 1.71 29.97 31.68 OK
r-release-windows-ix86+x86_64 2.1.2 7.00 57.00 64.00 OK
r-release-osx-x86_64 2.1.2 OK
r-oldrel-windows-ix86+x86_64 2.1.2 4.00 40.00 44.00 ERROR
r-oldrel-osx-x86_64 2.1.2 OK

Check Details

Version: 2.1.2
Check: for non-standard things in the check directory
Result: NOTE
    Found the following files/directories:
     'foo'
Flavors: r-devel-linux-x86_64-debian-clang, r-devel-linux-x86_64-debian-gcc, r-devel-linux-x86_64-fedora-clang, r-devel-linux-x86_64-fedora-gcc

Version: 2.1.2
Check: whether package can be installed
Result: ERROR
    Installation failed.
Flavor: r-oldrel-windows-ix86+x86_64