CRAN Package Check Results for Package wikisourcer

Last updated on 2020-10-31 17:48:15 CET.

Flavor Version Tinstall Tcheck Ttotal Status Flags
r-devel-linux-x86_64-debian-clang 0.1.5 3.94 109.17 113.11 OK
r-devel-linux-x86_64-debian-gcc 0.1.5 3.12 84.48 87.60 OK
r-devel-linux-x86_64-fedora-clang 0.1.5 70.77 WARN
r-devel-linux-x86_64-fedora-gcc 0.1.5 58.70 WARN
r-devel-windows-ix86+x86_64 0.1.5 14.00 265.00 279.00 OK
r-patched-linux-x86_64 0.1.5 4.34 106.39 110.73 OK
r-patched-solaris-x86 0.1.5 123.60 OK
r-release-linux-x86_64 0.1.5 3.80 104.44 108.24 OK
r-release-macos-x86_64 0.1.5 OK
r-release-windows-ix86+x86_64 0.1.5 9.00 260.00 269.00 OK
r-oldrel-macos-x86_64 0.1.5 OK
r-oldrel-windows-ix86+x86_64 0.1.5 9.00 241.00 250.00 OK

Check Details

Version: 0.1.5
Check: re-building of vignette outputs
Result: WARN
    Error(s) in re-building vignettes:
    --- re-building ‘wikisourcer.Rmd’ using rmarkdown
    Quitting from lines 32-41 (wikisourcer.Rmd)
    Error: processing vignette 'wikisourcer.Rmd' failed with diagnostics:
    Timeout was reached: [fr.wikisource.org] Operation timed out after 10001 milliseconds with 0 out of 0 bytes received
    --- failed re-building ‘wikisourcer.Rmd’
    
    SUMMARY: processing the following file failed:
     ‘wikisourcer.Rmd’
    
    Error: Vignette re-building failed.
    Execution halted
Flavor: r-devel-linux-x86_64-fedora-clang

Version: 0.1.5
Check: re-building of vignette outputs
Result: WARN
    Error(s) in re-building vignettes:
    --- re-building ‘wikisourcer.Rmd’ using rmarkdown
    Quitting from lines 32-41 (wikisourcer.Rmd)
    Error: processing vignette 'wikisourcer.Rmd' failed with diagnostics:
    Timeout was reached: [en.wikisource.org] Operation timed out after 10002 milliseconds with 0 out of 0 bytes received
    --- failed re-building ‘wikisourcer.Rmd’
    
    SUMMARY: processing the following file failed:
     ‘wikisourcer.Rmd’
    
    Error: Vignette re-building failed.
    Execution halted
Flavor: r-devel-linux-x86_64-fedora-gcc