CRAN Package Check Results for Package widgetframe

Last updated on 2021-06-17 04:56:32 CEST.

Flavor Version Tinstall Tcheck Ttotal Status Flags
r-devel-linux-x86_64-debian-clang 0.3.1 2.41 29.78 32.19 NOTE
r-devel-linux-x86_64-debian-gcc 0.3.1 1.94 23.59 25.53 NOTE
r-devel-linux-x86_64-fedora-clang 0.3.1 48.30 NOTE
r-devel-linux-x86_64-fedora-gcc 0.3.1 38.40 NOTE
r-devel-windows-x86_64 0.3.1 4.00 37.00 41.00 NOTE
r-devel-windows-x86_64-gcc10-UCRT 0.3.1 NOTE
r-patched-linux-x86_64 0.3.1 2.66 29.02 31.68 NOTE
r-patched-solaris-x86 0.3.1 58.70 NOTE
r-release-linux-x86_64 0.3.1 2.11 28.92 31.03 NOTE
r-release-macos-arm64 0.3.1 NOTE
r-release-macos-x86_64 0.3.1 NOTE
r-release-windows-ix86+x86_64 0.3.1 6.00 47.00 53.00 NOTE
r-oldrel-macos-x86_64 0.3.1 OK
r-oldrel-windows-ix86+x86_64 0.3.1 5.00 47.00 52.00 OK

Check Details

Version: 0.3.1
Check: LazyData
Result: NOTE
     'LazyData' is specified without a 'data' directory
Flavors: r-devel-linux-x86_64-debian-clang, r-devel-linux-x86_64-debian-gcc, r-devel-linux-x86_64-fedora-clang, r-devel-linux-x86_64-fedora-gcc, r-devel-windows-x86_64, r-devel-windows-x86_64-gcc10-UCRT, r-patched-linux-x86_64, r-patched-solaris-x86, r-release-linux-x86_64, r-release-macos-arm64, r-release-macos-x86_64, r-release-windows-ix86+x86_64