CRAN Package Check Results for Package wfe

Last updated on 2024-06-18 15:49:38 CEST.

Flavor Version Tinstall Tcheck Ttotal Status Flags
r-devel-linux-x86_64-debian-clang 1.9.1 20.51 92.95 113.46 NOTE
r-devel-linux-x86_64-debian-gcc 1.9.1 13.84 67.26 81.10 NOTE
r-devel-linux-x86_64-fedora-clang 1.9.1 135.81 NOTE
r-devel-linux-x86_64-fedora-gcc 1.9.1 129.00 NOTE
r-devel-windows-x86_64 1.9.1 16.00 81.00 97.00 NOTE
r-patched-linux-x86_64 1.9.1 15.34 89.73 105.07 NOTE
r-release-linux-x86_64 1.9.1 14.11 88.41 102.52 NOTE
r-release-macos-arm64 1.9.1 40.00 NOTE
r-release-macos-x86_64 1.9.1 57.00 NOTE
r-release-windows-x86_64 1.9.1 16.00 81.00 97.00 NOTE
r-oldrel-macos-arm64 1.9.1 43.00 NOTE
r-oldrel-macos-x86_64 1.9.1 67.00 NOTE
r-oldrel-windows-x86_64 1.9.1 21.00 98.00 119.00 NOTE

Check Details

Version: 1.9.1
Check: LazyData
Result: NOTE 'LazyData' is specified without a 'data' directory Flavors: r-devel-linux-x86_64-debian-clang, r-devel-linux-x86_64-debian-gcc, r-devel-linux-x86_64-fedora-clang, r-devel-linux-x86_64-fedora-gcc, r-devel-windows-x86_64, r-patched-linux-x86_64, r-release-linux-x86_64, r-release-macos-arm64, r-release-macos-x86_64, r-release-windows-x86_64, r-oldrel-macos-arm64, r-oldrel-macos-x86_64, r-oldrel-windows-x86_64