CRAN Package Check Results for Package weightr

Last updated on 2019-09-15 07:48:58 CEST.

Flavor Version Tinstall Tcheck Ttotal Status Flags
r-devel-linux-x86_64-debian-clang 2.0.2 4.87 36.60 41.47 OK
r-devel-linux-x86_64-debian-gcc 2.0.2 3.61 28.48 32.09 OK
r-devel-linux-x86_64-fedora-clang 2.0.2 47.95 OK
r-devel-linux-x86_64-fedora-gcc 2.0.2 46.99 OK
r-devel-windows-ix86+x86_64 2.0.2 23.00 52.00 75.00 OK
r-patched-linux-x86_64 2.0.2 4.21 35.65 39.86 OK
r-patched-solaris-x86 2.0.2 69.60 OK
r-release-linux-x86_64 2.0.2 4.18 35.35 39.53 OK
r-release-windows-ix86+x86_64 2.0.2 8.00 50.00 58.00 OK
r-release-osx-x86_64 2.0.2 OK
r-oldrel-windows-ix86+x86_64 2.0.2 10.00 56.00 66.00 WARN
r-oldrel-osx-x86_64 2.0.2 OK

Check Details

Version: 2.0.2
Check: whether package can be installed
Result: WARN
    Found the following significant warnings:
     Warning: S3 methods '[.fun_list', '[.grouped_df', 'all.equal.tbl_df', 'anti_join.data.frame', 'anti_join.tbl_df', 'arrange.data.frame', 'arrange.default', 'arrange.grouped_df', 'arrange.tbl_df', 'arrange_.data.frame', 'arrange_.tbl_df', 'as.data.frame.grouped_df', 'as.data.frame.rowwise_df', 'as.data.frame.tbl_cube', 'as.table.tbl_cube', 'as.tbl.data.frame', 'as.tbl.tbl', 'as.tbl_cube.array', 'as.tbl_cube.data.frame', 'as.tbl_cube.matrix', 'as.tbl_cube.table', 'as_tibble.grouped_df', 'as_tibble.tbl_cube', 'auto_copy.tbl_cube', 'auto_copy.tbl_df', 'cbind.grouped_df', 'collapse.data.frame', 'collect.data.frame', 'common_by.NULL', 'common_by.character', 'common_by.default', 'common_by.list', 'compute.data.frame', 'copy_to.DBIConnection', 'copy_to.src_local', 'default_missing.data.frame', 'default_missing.default', 'dim.tbl_cube', 'distinct.data.frame', 'distinct.default', 'distinct.grouped_df', 'distinct.tbl_df', 'distinct_.data.frame', 'distinct_.grouped_df', 'distinct_.tbl_df', 'do.NULL', 'do.da [... truncated]
Flavor: r-oldrel-windows-ix86+x86_64