CRAN Package Check Results for Package weightedScores

Last updated on 2024-03-01 20:53:05 CET.

Flavor Version Tinstall Tcheck Ttotal Status Flags
r-devel-linux-x86_64-debian-clang 0.9.5.3 10.47 147.73 158.20 NOTE
r-devel-linux-x86_64-debian-gcc 0.9.5.3 9.07 110.90 119.97 NOTE
r-devel-linux-x86_64-fedora-clang 0.9.5.3 185.73 NOTE
r-devel-linux-x86_64-fedora-gcc 0.9.5.3 184.18 NOTE
r-devel-windows-x86_64 0.9.5.3 15.00 105.00 120.00 OK
r-patched-linux-x86_64 0.9.5.3 10.91 143.13 154.04 OK
r-release-linux-x86_64 0.9.5.3 10.53 144.36 154.89 OK
r-release-macos-arm64 0.9.5.3 46.00 OK
r-release-macos-x86_64 0.9.5.3 94.00 OK
r-release-windows-x86_64 0.9.5.3 14.00 112.00 126.00 OK
r-oldrel-macos-arm64 0.9.5.3 46.00 OK
r-oldrel-windows-x86_64 0.9.5.3 17.00 150.00 167.00 OK

Check Details

Version: 0.9.5.3
Check: Rd files
Result: NOTE checkRd: (-1) CLIC.Rd:149: Lost braces 149 | Composite likelihood {E}{M} algorithm with applications to | ^ Flavors: r-devel-linux-x86_64-debian-clang, r-devel-linux-x86_64-debian-gcc, r-devel-linux-x86_64-fedora-clang, r-devel-linux-x86_64-fedora-gcc

Version: 0.9.5.3
Check: compiled code
Result: NOTE File ‘weightedScores/libs/weightedScores.so’: Found no calls to: ‘R_registerRoutines’, ‘R_useDynamicSymbols’ It is good practice to register native routines and to disable symbol search. See ‘Writing portable packages’ in the ‘Writing R Extensions’ manual. Flavors: r-devel-linux-x86_64-fedora-clang, r-devel-linux-x86_64-fedora-gcc