CRAN Package Check Results for Package weightedCL

Last updated on 2024-02-28 12:55:15 CET.

Flavor Version Tinstall Tcheck Ttotal Status Flags
r-devel-linux-x86_64-debian-clang 0.5 8.22 60.29 68.51 OK
r-devel-linux-x86_64-debian-gcc 0.5 6.32 45.07 51.39 OK
r-devel-linux-x86_64-fedora-clang 0.5 84.74 NOTE
r-devel-linux-x86_64-fedora-gcc 0.5 80.16 NOTE
r-devel-windows-x86_64 0.5 10.00 67.00 77.00 OK
r-patched-linux-x86_64 0.5 8.00 57.07 65.07 OK
r-release-linux-x86_64 0.5 8.22 57.92 66.14 OK
r-release-macos-arm64 0.5 32.00 OK
r-release-macos-x86_64 0.5 42.00 OK
r-release-windows-x86_64 0.5 13.00 72.00 85.00 OK
r-oldrel-macos-arm64 0.5 33.00 OK
r-oldrel-windows-x86_64 0.5 13.00 76.00 89.00 OK

Check Details

Version: 0.5
Check: compiled code
Result: NOTE File ‘weightedCL/libs/weightedCL.so’: Found no calls to: ‘R_registerRoutines’, ‘R_useDynamicSymbols’ It is good practice to register native routines and to disable symbol search. See ‘Writing portable packages’ in the ‘Writing R Extensions’ manual. Flavors: r-devel-linux-x86_64-fedora-clang, r-devel-linux-x86_64-fedora-gcc